{"id":552,"date":"2015-02-23T12:40:04","date_gmt":"2015-02-23T11:40:04","guid":{"rendered":"http:\/\/kulturochkuriosa.se\/butik2\/?page_id=552"},"modified":"2016-11-21T13:12:25","modified_gmt":"2016-11-21T12:12:25","slug":"konstglas","status":"publish","type":"page","link":"https:\/\/kulturochkuriosa.se\/butik2\/glas\/strombergshyttan\/konstglas\/","title":{"rendered":"Konstglas"},"content":{"rendered":"<p>H\u00e4r finns framf\u00f6r allt Gerda och Asta Str\u00f6mberg samt Gunnar Nylund.<\/p>\n<table style=\"height: auto; background-color: #b4b4b4; width: 100%;\">\n<tbody>\n<tr>\n<td style=\"border: 2px solid #f5f0f0; width: 25%;\"><a href=\"http:\/\/kulturochkuriosa.se\/butik2\/wp-content\/uploads\/2015\/02\/ljusstakar-P52.jpg\" class=\"gallery_colorbox\" rel=\"attachment wp-att-907\"><img loading=\"lazy\" class=\"aligncenter size-medium wp-image-907\" src=\"http:\/\/kulturochkuriosa.se\/butik2\/wp-content\/uploads\/2015\/02\/ljusstakar-P52-300x225.jpg\"  alt=\"ljusstakar P52\" width=\"100%\" height=\"auto\" srcset=\"https:\/\/kulturochkuriosa.se\/butik2\/wp-content\/uploads\/2015\/02\/ljusstakar-P52-300x225.jpg 300w, https:\/\/kulturochkuriosa.se\/butik2\/wp-content\/uploads\/2015\/02\/ljusstakar-P52-768x576.jpg 768w, https:\/\/kulturochkuriosa.se\/butik2\/wp-content\/uploads\/2015\/02\/ljusstakar-P52-1024x768.jpg 1024w, https:\/\/kulturochkuriosa.se\/butik2\/wp-content\/uploads\/2015\/02\/ljusstakar-P52.jpg 1134w\" sizes=\"(max-width: 300px) 100vw, 300px\" \/><\/a><\/td>\n<td style=\"border: 2px solid #f5f0f0; width: 25%;\"><a href=\"http:\/\/kulturochkuriosa.se\/butik2\/wp-content\/uploads\/2015\/02\/ljusstakar-P52-sign.jpg\" class=\"gallery_colorbox\" rel=\"attachment wp-att-908\"><img loading=\"lazy\" class=\"aligncenter size-medium wp-image-908\" src=\"http:\/\/kulturochkuriosa.se\/butik2\/wp-content\/uploads\/2015\/02\/ljusstakar-P52-sign-300x225.jpg\"  alt=\"ljusstakar P52 sign\" width=\"100%\" height=\"auto\" srcset=\"https:\/\/kulturochkuriosa.se\/butik2\/wp-content\/uploads\/2015\/02\/ljusstakar-P52-sign-300x225.jpg 300w, https:\/\/kulturochkuriosa.se\/butik2\/wp-content\/uploads\/2015\/02\/ljusstakar-P52-sign-768x576.jpg 768w, https:\/\/kulturochkuriosa.se\/butik2\/wp-content\/uploads\/2015\/02\/ljusstakar-P52-sign-1024x768.jpg 1024w, https:\/\/kulturochkuriosa.se\/butik2\/wp-content\/uploads\/2015\/02\/ljusstakar-P52-sign.jpg 1134w\" sizes=\"(max-width: 300px) 100vw, 300px\" \/><\/a><\/td>\n<td style=\"border: 2px solid #f5f0f0; width: 25%;\"><a href=\"http:\/\/kulturochkuriosa.se\/butik2\/wp-content\/uploads\/2015\/02\/glasblock-isbj\u00f6rn.jpg\" class=\"gallery_colorbox\" rel=\"attachment wp-att-910\"><img loading=\"lazy\" class=\"aligncenter size-medium wp-image-910\" src=\"http:\/\/kulturochkuriosa.se\/butik2\/wp-content\/uploads\/2015\/02\/glasblock-isbj\u00f6rn-225x300.jpg\"  alt=\"glasblock isbj\u00f6rn\" width=\"80%\" height=\"auto\" srcset=\"https:\/\/kulturochkuriosa.se\/butik2\/wp-content\/uploads\/2015\/02\/glasblock-isbj\u00f6rn-225x300.jpg 225w, https:\/\/kulturochkuriosa.se\/butik2\/wp-content\/uploads\/2015\/02\/glasblock-isbj\u00f6rn-768x1024.jpg 768w, https:\/\/kulturochkuriosa.se\/butik2\/wp-content\/uploads\/2015\/02\/glasblock-isbj\u00f6rn.jpg 850w\" sizes=\"(max-width: 225px) 100vw, 225px\" \/><\/a><\/td>\n<td style=\"border: 2px solid #f5f0f0; width: 25%;\"><a href=\"http:\/\/kulturochkuriosa.se\/butik2\/wp-content\/uploads\/2015\/02\/glasblock-isbj\u00f6rn-P244-C1189-sign.jpg\" class=\"gallery_colorbox\" rel=\"attachment wp-att-911\"><img loading=\"lazy\" class=\"aligncenter size-medium wp-image-911\" src=\"http:\/\/kulturochkuriosa.se\/butik2\/wp-content\/uploads\/2015\/02\/glasblock-isbj\u00f6rn-P244-C1189-sign-300x123.jpg\"  alt=\"glasblock isbj\u00f6rn P244-C1189 sign\" width=\"100%\" height=\"auto\" srcset=\"https:\/\/kulturochkuriosa.se\/butik2\/wp-content\/uploads\/2015\/02\/glasblock-isbj\u00f6rn-P244-C1189-sign-300x123.jpg 300w, https:\/\/kulturochkuriosa.se\/butik2\/wp-content\/uploads\/2015\/02\/glasblock-isbj\u00f6rn-P244-C1189-sign-768x315.jpg 768w, https:\/\/kulturochkuriosa.se\/butik2\/wp-content\/uploads\/2015\/02\/glasblock-isbj\u00f6rn-P244-C1189-sign-1024x420.jpg 1024w, https:\/\/kulturochkuriosa.se\/butik2\/wp-content\/uploads\/2015\/02\/glasblock-isbj\u00f6rn-P244-C1189-sign.jpg 1134w\" sizes=\"(max-width: 300px) 100vw, 300px\" \/><\/a><\/td>\n<\/tr>\n<tr style=\"vertical-align: top; background-color: #d4d4d4;\">\n<td style=\"border: 2px solid #f5f0f0; width: 25%;\" colspan=\"2\">\u00a0 L\u00e4ckra ljusstakar, modellnr P52, formgivna av Asta Str\u00f6mberg, pris 600:- f\u00f6r paret.<\/td>\n<td style=\"border: 2px solid #f5f0f0; width: 25%;\" colspan=\"2\">\u00a0Ett h\u00e4ftigt glasblock, eller isberg som det ocks\u00e5 kallades, signerat\u00a0 Str\u00f6mbergshyttan P244-C1189 B\u00f6rnesson J.Johnsson. Allts\u00e5 \u00e4r det troligen formgivet av Lars B\u00f6rnesson och graverat av Jim Johnsson runt 1970. Pris 500:-.<\/td>\n<\/tr>\n<tr>\n<td style=\"border: 2px solid #f5f0f0; width: 25%;\"><\/td>\n<td style=\"border: 2px solid #f5f0f0; width: 25%;\"><\/td>\n<td style=\"border: 2px solid #f5f0f0; width: 25%;\"><\/td>\n<td style=\"border: 2px solid #f5f0f0; width: 25%;\"><\/td>\n<\/tr>\n<tr style=\"vertical-align: top; background-color: #d4d4d4;\">\n<td style=\"border: 2px solid #f5f0f0; width: 25%;\"><\/td>\n<td style=\"border: 2px solid #f5f0f0; width: 25%;\"><\/td>\n<td style=\"border: 2px solid #f5f0f0; width: 25%;\"><\/td>\n<td style=\"border: 2px solid #f5f0f0; width: 25%;\"><\/td>\n<\/tr>\n<tr>\n<td style=\"border: 2px solid #f5f0f0; background-color: #444444; width: 25%; text-align: center;\" colspan=\"4\"><span style=\"color: #ffffff;\">S\u00e5lda produkter<br \/>\n<\/span><\/td>\n<\/tr>\n<tr>\n<td style=\"border: 2px solid #f5f0f0; width: 25%;\"><a href=\"http:\/\/kulturochkuriosa.se\/butik2\/wp-content\/uploads\/2015\/02\/vas-B8.jpg\" class=\"gallery_colorbox\" rel=\"attachment wp-att-903\"><img loading=\"lazy\" class=\"aligncenter size-medium wp-image-903\" src=\"http:\/\/kulturochkuriosa.se\/butik2\/wp-content\/uploads\/2015\/02\/vas-B8-225x300.jpg\"  alt=\"vas B8\" width=\"80%\" height=\"auto\" srcset=\"https:\/\/kulturochkuriosa.se\/butik2\/wp-content\/uploads\/2015\/02\/vas-B8-225x300.jpg 225w, https:\/\/kulturochkuriosa.se\/butik2\/wp-content\/uploads\/2015\/02\/vas-B8-768x1024.jpg 768w, https:\/\/kulturochkuriosa.se\/butik2\/wp-content\/uploads\/2015\/02\/vas-B8.jpg 850w\" sizes=\"(max-width: 225px) 100vw, 225px\" \/><\/a><\/td>\n<td style=\"border: 2px solid #f5f0f0; width: 25%;\"><a href=\"http:\/\/kulturochkuriosa.se\/butik2\/wp-content\/uploads\/2015\/02\/vas-B8-sign.jpg\" class=\"gallery_colorbox\" rel=\"attachment wp-att-904\"><img loading=\"lazy\" class=\"aligncenter size-medium wp-image-904\" src=\"http:\/\/kulturochkuriosa.se\/butik2\/wp-content\/uploads\/2015\/02\/vas-B8-sign-300x225.jpg\"  alt=\"vas B8 sign\" width=\"100%\" height=\"auto\" srcset=\"https:\/\/kulturochkuriosa.se\/butik2\/wp-content\/uploads\/2015\/02\/vas-B8-sign-300x225.jpg 300w, https:\/\/kulturochkuriosa.se\/butik2\/wp-content\/uploads\/2015\/02\/vas-B8-sign-768x576.jpg 768w, https:\/\/kulturochkuriosa.se\/butik2\/wp-content\/uploads\/2015\/02\/vas-B8-sign-1024x768.jpg 1024w, https:\/\/kulturochkuriosa.se\/butik2\/wp-content\/uploads\/2015\/02\/vas-B8-sign.jpg 1134w\" sizes=\"(max-width: 300px) 100vw, 300px\" \/><\/a><\/td>\n<td style=\"border: 2px solid #f5f0f0; width: 25%;\"><\/td>\n<td style=\"border: 2px solid #f5f0f0; width: 25%;\"><\/td>\n<\/tr>\n<tr style=\"vertical-align: top; background-color: #d4d4d4;\">\n<td style=\"border: 2px solid #f5f0f0; width: 25%;\" colspan=\"2\">\u00a0 En fantastiskt vacker vas, modell B8, formgiven av Gerda Str\u00f6mberg och tillverkad 1934, precis i b\u00f6rjan av Str\u00f6mbergshyttans verksamhet. H\u00f6jd 20 cm, diameter vid mynningen 15 cm, <del>pris 1500:-.<\/del> <strong>S\u00e5ld.<\/strong><\/td>\n<td style=\"border: 2px solid #f5f0f0; width: 25%;\"><\/td>\n<td style=\"border: 2px solid #f5f0f0; width: 25%;\"><\/td>\n<\/tr>\n<\/tbody>\n<\/table>\n<p>&nbsp;<\/p>\n","protected":false},"excerpt":{"rendered":"<p>H\u00e4r finns framf\u00f6r allt Gerda och Asta Str\u00f6mberg samt Gunnar Nylund. \u00a0 L\u00e4ckra ljusstakar, modellnr P52, formgivna av Asta Str\u00f6mberg, pris 600:- f\u00f6r paret. \u00a0Ett h\u00e4ftigt glasblock, eller isberg som det ocks\u00e5 kallades, signerat\u00a0 Str\u00f6mbergshyttan P244-C1189 B\u00f6rnesson J.Johnsson. Allts\u00e5 \u00e4r det troligen formgivet av Lars B\u00f6rnesson och graverat av Jim Johnsson runt 1970. Pris 500:-. <a href='https:\/\/kulturochkuriosa.se\/butik2\/glas\/strombergshyttan\/konstglas\/' class='excerpt-more'>[&#8230;]<\/a><\/p>\n","protected":false},"author":2,"featured_media":0,"parent":477,"menu_order":50,"comment_status":"closed","ping_status":"closed","template":"","meta":[],"_links":{"self":[{"href":"https:\/\/kulturochkuriosa.se\/butik2\/wp-json\/wp\/v2\/pages\/552"}],"collection":[{"href":"https:\/\/kulturochkuriosa.se\/butik2\/wp-json\/wp\/v2\/pages"}],"about":[{"href":"https:\/\/kulturochkuriosa.se\/butik2\/wp-json\/wp\/v2\/types\/page"}],"author":[{"embeddable":true,"href":"https:\/\/kulturochkuriosa.se\/butik2\/wp-json\/wp\/v2\/users\/2"}],"replies":[{"embeddable":true,"href":"https:\/\/kulturochkuriosa.se\/butik2\/wp-json\/wp\/v2\/comments?post=552"}],"version-history":[{"count":10,"href":"https:\/\/kulturochkuriosa.se\/butik2\/wp-json\/wp\/v2\/pages\/552\/revisions"}],"predecessor-version":[{"id":1083,"href":"https:\/\/kulturochkuriosa.se\/butik2\/wp-json\/wp\/v2\/pages\/552\/revisions\/1083"}],"up":[{"embeddable":true,"href":"https:\/\/kulturochkuriosa.se\/butik2\/wp-json\/wp\/v2\/pages\/477"}],"wp:attachment":[{"href":"https:\/\/kulturochkuriosa.se\/butik2\/wp-json\/wp\/v2\/media?parent=552"}],"curies":[{"name":"wp","href":"https:\/\/api.w.org\/{rel}","templated":true}]}}