{"id":506,"date":"2015-02-10T16:24:22","date_gmt":"2015-02-10T15:24:22","guid":{"rendered":"http:\/\/kulturochkuriosa.se\/butik2\/?page_id=506"},"modified":"2016-07-06T17:16:22","modified_gmt":"2016-07-06T15:16:22","slug":"rorstrand","status":"publish","type":"page","link":"https:\/\/kulturochkuriosa.se\/butik2\/porslin\/rorstrand\/","title":{"rendered":"R\u00f6rstrand"},"content":{"rendered":"<p>R\u00f6rstrands porslinsfabrik grundades 1726 i Stockholm, efter en trevande start v\u00e4xte fabriken och runt 1900 hade man \u00f6ver 1000 anst\u00e4llda. 1914 k\u00f6ptes G\u00f6teborgs Porslinsfabrik, eftersom fabriken i Stockholm inte var tillr\u00e4ckligt l\u00f6nsam lades den ner och tillverkningen flyttades till G\u00f6teborg 1926. De ekonomiska problemen fortsatte dock och runt 1930 k\u00f6per \u00e4garna till Lidk\u00f6pings Porslinsfabrik R\u00f6rstrand, fabriken i G\u00f6teborg l\u00e4ggs ner och tillverkningen flyttas till Lidk\u00f6ping. 1964 k\u00f6ptes R\u00f6rstrand av Upsala Ekeby, sedan f\u00f6ljde diverse \u00e4garbyten innan finska Fiskars (Iittalagruppen) 2004 tog \u00f6ver, flyttade tillverkningen utomlands och 2005 lade ner fabriken.<br \/>\nH\u00e4r fanns en l\u00e5ng rad k\u00e4nda formgivare, allt fr\u00e5n Alf Wallander och Anna Boberg, via Louise Adelborg, Gunnar Nylund och Carl-Harry St\u00e5lhane till Hertha Bengtsson och Marianne Westman och m\u00e5nga fler.<\/p>\n<table style=\"height: auto; background-color: #b4b4b4; width: 100%;\">\n<tbody>\n<tr>\n<td style=\"border: 2px solid #f5f0f0; width: 25%;\"><a href=\"http:\/\/kulturochkuriosa.se\/butik2\/wp-content\/uploads\/2015\/02\/vas-fibula-4.jpg\" class=\"gallery_colorbox\" rel=\"attachment wp-att-847\"><img loading=\"lazy\" class=\"aligncenter size-medium wp-image-847\" src=\"http:\/\/kulturochkuriosa.se\/butik2\/wp-content\/uploads\/2015\/02\/vas-fibula-4-300x225.jpg\"  alt=\"vas fibula 4\" width=\"100%\" height=\"auto\" srcset=\"https:\/\/kulturochkuriosa.se\/butik2\/wp-content\/uploads\/2015\/02\/vas-fibula-4-300x225.jpg 300w, https:\/\/kulturochkuriosa.se\/butik2\/wp-content\/uploads\/2015\/02\/vas-fibula-4-768x576.jpg 768w, https:\/\/kulturochkuriosa.se\/butik2\/wp-content\/uploads\/2015\/02\/vas-fibula-4-1024x768.jpg 1024w, https:\/\/kulturochkuriosa.se\/butik2\/wp-content\/uploads\/2015\/02\/vas-fibula-4.jpg 1134w\" sizes=\"(max-width: 300px) 100vw, 300px\" \/><\/a><\/td>\n<td style=\"border: 2px solid #f5f0f0; width: 25%;\"><a href=\"http:\/\/kulturochkuriosa.se\/butik2\/wp-content\/uploads\/2015\/02\/vas-fibula-4-sign.jpg\" class=\"gallery_colorbox\" rel=\"attachment wp-att-848\"><img loading=\"lazy\" class=\"aligncenter size-medium wp-image-848\" src=\"http:\/\/kulturochkuriosa.se\/butik2\/wp-content\/uploads\/2015\/02\/vas-fibula-4-sign-300x225.jpg\"  alt=\"vas fibula 4 sign\" width=\"100%\" height=\"auto\" srcset=\"https:\/\/kulturochkuriosa.se\/butik2\/wp-content\/uploads\/2015\/02\/vas-fibula-4-sign-300x225.jpg 300w, https:\/\/kulturochkuriosa.se\/butik2\/wp-content\/uploads\/2015\/02\/vas-fibula-4-sign-768x576.jpg 768w, https:\/\/kulturochkuriosa.se\/butik2\/wp-content\/uploads\/2015\/02\/vas-fibula-4-sign-1024x768.jpg 1024w, https:\/\/kulturochkuriosa.se\/butik2\/wp-content\/uploads\/2015\/02\/vas-fibula-4-sign.jpg 1134w\" sizes=\"(max-width: 300px) 100vw, 300px\" \/><\/a><\/td>\n<td style=\"border: 2px solid #f5f0f0; width: 25%;\"><a href=\"http:\/\/kulturochkuriosa.se\/butik2\/wp-content\/uploads\/2015\/02\/vas-fibula-5.jpg\" class=\"gallery_colorbox\" rel=\"attachment wp-att-849\"><img loading=\"lazy\" class=\"aligncenter size-medium wp-image-849\" src=\"http:\/\/kulturochkuriosa.se\/butik2\/wp-content\/uploads\/2015\/02\/vas-fibula-5-225x300.jpg\"  alt=\"vas fibula 5\" width=\"80%\" height=\"auto\" srcset=\"https:\/\/kulturochkuriosa.se\/butik2\/wp-content\/uploads\/2015\/02\/vas-fibula-5-225x300.jpg 225w, https:\/\/kulturochkuriosa.se\/butik2\/wp-content\/uploads\/2015\/02\/vas-fibula-5-768x1024.jpg 768w, https:\/\/kulturochkuriosa.se\/butik2\/wp-content\/uploads\/2015\/02\/vas-fibula-5.jpg 850w\" sizes=\"(max-width: 225px) 100vw, 225px\" \/><\/a><\/td>\n<td style=\"border: 2px solid #f5f0f0; width: 25%;\"><a href=\"http:\/\/kulturochkuriosa.se\/butik2\/wp-content\/uploads\/2015\/02\/vas-fibula-5-sign.jpg\" class=\"gallery_colorbox\" rel=\"attachment wp-att-850\"><img loading=\"lazy\" class=\"aligncenter size-medium wp-image-850\" src=\"http:\/\/kulturochkuriosa.se\/butik2\/wp-content\/uploads\/2015\/02\/vas-fibula-5-sign-300x225.jpg\"  alt=\"vas fibula 5 sign\" width=\"100%\" height=\"auto\" srcset=\"https:\/\/kulturochkuriosa.se\/butik2\/wp-content\/uploads\/2015\/02\/vas-fibula-5-sign-300x225.jpg 300w, https:\/\/kulturochkuriosa.se\/butik2\/wp-content\/uploads\/2015\/02\/vas-fibula-5-sign-768x576.jpg 768w, https:\/\/kulturochkuriosa.se\/butik2\/wp-content\/uploads\/2015\/02\/vas-fibula-5-sign-1024x768.jpg 1024w, https:\/\/kulturochkuriosa.se\/butik2\/wp-content\/uploads\/2015\/02\/vas-fibula-5-sign.jpg 1134w\" sizes=\"(max-width: 300px) 100vw, 300px\" \/><\/a><\/td>\n<\/tr>\n<tr style=\"vertical-align: top; background-color: #d4d4d4;\">\n<td style=\"border: 2px solid #f5f0f0; width: 25%;\" colspan=\"2\">Vas Fibula nr 4, formgiven av Carl-Harry St\u00e5lhane. H\u00f6jd 13 cm, dia 11 cm pris 300:-.<\/td>\n<td style=\"border: 2px solid #f5f0f0; width: 25%;\" colspan=\"2\">Vas Fibula nr 5, formgiven av Carl-Harry St\u00e5lhane. H\u00f6jd 13,5 cm, dia 8 cm pris 300:-.<\/td>\n<\/tr>\n<tr>\n<td style=\"border: 2px solid #f5f0f0; width: 25%;\"><a href=\"http:\/\/kulturochkuriosa.se\/butik2\/wp-content\/uploads\/2015\/02\/taffel-teservis.jpg\" class=\"gallery_colorbox\" rel=\"attachment wp-att-936\"><img loading=\"lazy\" class=\"aligncenter size-medium wp-image-936\" src=\"http:\/\/kulturochkuriosa.se\/butik2\/wp-content\/uploads\/2015\/02\/taffel-teservis-300x200.jpg\"  alt=\"taffel teservis\" width=\"100%\" height=\"auto\" srcset=\"https:\/\/kulturochkuriosa.se\/butik2\/wp-content\/uploads\/2015\/02\/taffel-teservis-300x200.jpg 300w, https:\/\/kulturochkuriosa.se\/butik2\/wp-content\/uploads\/2015\/02\/taffel-teservis-768x512.jpg 768w, https:\/\/kulturochkuriosa.se\/butik2\/wp-content\/uploads\/2015\/02\/taffel-teservis-1024x682.jpg 1024w, https:\/\/kulturochkuriosa.se\/butik2\/wp-content\/uploads\/2015\/02\/taffel-teservis.jpg 1244w\" sizes=\"(max-width: 300px) 100vw, 300px\" \/><\/a><\/td>\n<td style=\"border: 2px solid #f5f0f0; width: 25%;\"><a href=\"http:\/\/kulturochkuriosa.se\/butik2\/wp-content\/uploads\/2015\/02\/koka-bl\u00e5-terrin-19-cm.jpg\" class=\"gallery_colorbox\"><img loading=\"lazy\" class=\"aligncenter size-medium wp-image-1000\" src=\"http:\/\/kulturochkuriosa.se\/butik2\/wp-content\/uploads\/2015\/02\/koka-bl\u00e5-terrin-19-cm-300x225.jpg\"  alt=\"koka bl\u00e5 terrin 19 cm\" width=\"100%\" height=\"auto\" srcset=\"https:\/\/kulturochkuriosa.se\/butik2\/wp-content\/uploads\/2015\/02\/koka-bl\u00e5-terrin-19-cm-300x225.jpg 300w, https:\/\/kulturochkuriosa.se\/butik2\/wp-content\/uploads\/2015\/02\/koka-bl\u00e5-terrin-19-cm-768x576.jpg 768w, https:\/\/kulturochkuriosa.se\/butik2\/wp-content\/uploads\/2015\/02\/koka-bl\u00e5-terrin-19-cm-1024x768.jpg 1024w, https:\/\/kulturochkuriosa.se\/butik2\/wp-content\/uploads\/2015\/02\/koka-bl\u00e5-terrin-19-cm.jpg 1134w\" sizes=\"(max-width: 300px) 100vw, 300px\" \/><\/a><\/td>\n<td style=\"border: 2px solid #f5f0f0; width: 25%;\"><a href=\"http:\/\/kulturochkuriosa.se\/butik2\/wp-content\/uploads\/2015\/02\/koka-bl\u00e5-sk\u00e5l-23-cm.jpg\" class=\"gallery_colorbox\"><img loading=\"lazy\" class=\"aligncenter size-medium wp-image-1001\" src=\"http:\/\/kulturochkuriosa.se\/butik2\/wp-content\/uploads\/2015\/02\/koka-bl\u00e5-sk\u00e5l-23-cm-300x225.jpg\"  alt=\"koka bl\u00e5 sk\u00e5l 23 cm\" width=\"100%\" height=\"auto\" srcset=\"https:\/\/kulturochkuriosa.se\/butik2\/wp-content\/uploads\/2015\/02\/koka-bl\u00e5-sk\u00e5l-23-cm-300x225.jpg 300w, https:\/\/kulturochkuriosa.se\/butik2\/wp-content\/uploads\/2015\/02\/koka-bl\u00e5-sk\u00e5l-23-cm-768x576.jpg 768w, https:\/\/kulturochkuriosa.se\/butik2\/wp-content\/uploads\/2015\/02\/koka-bl\u00e5-sk\u00e5l-23-cm-1024x768.jpg 1024w, https:\/\/kulturochkuriosa.se\/butik2\/wp-content\/uploads\/2015\/02\/koka-bl\u00e5-sk\u00e5l-23-cm.jpg 1134w\" sizes=\"(max-width: 300px) 100vw, 300px\" \/><\/a><\/td>\n<td style=\"border: 2px solid #f5f0f0; width: 25%;\"><a href=\"http:\/\/kulturochkuriosa.se\/butik2\/wp-content\/uploads\/2015\/02\/ugnsfat-kvartett.jpg\" class=\"gallery_colorbox\"><img loading=\"lazy\" class=\"aligncenter size-medium wp-image-707\" src=\"http:\/\/kulturochkuriosa.se\/butik2\/wp-content\/uploads\/2015\/02\/ugnsfat-kvartett-300x212.jpg\"  alt=\"ugnsfat kvartett\" width=\"100%\" height=\"auto\" srcset=\"https:\/\/kulturochkuriosa.se\/butik2\/wp-content\/uploads\/2015\/02\/ugnsfat-kvartett-300x212.jpg 300w, https:\/\/kulturochkuriosa.se\/butik2\/wp-content\/uploads\/2015\/02\/ugnsfat-kvartett.jpg 842w\" sizes=\"(max-width: 300px) 100vw, 300px\" \/><\/a><\/td>\n<\/tr>\n<tr style=\"vertical-align: top; background-color: #d4d4d4;\">\n<td style=\"border: 2px solid #f5f0f0; width: 25%;\">\u00a0Teservis &#8221;Taffel&#8221; formgiven av Olle Alberius. Pris 500:- f\u00f6r hela servisen.<\/td>\n<td style=\"border: 2px solid #f5f0f0; width: 25%;\">\u00a0Hertha Bengtssons Koka Bl\u00e5 \u00e4r alltid popul\u00e4r, h\u00e4r en terrin med lock, dia 19cm, pris 350;-.<\/td>\n<td style=\"border: 2px solid #f5f0f0; width: 25%;\">\u00a0En ovanligt stor sk\u00e5l i Koka Bl\u00e5, diameter 23 cm, pris 450:-.<\/td>\n<td style=\"border: 2px solid #f5f0f0; width: 25%;\">\u00a0\u00a0Ugnsfat Kvartett, l\u00e4ngd 30 cm, bredd 22 cm, pris 250:-.<\/td>\n<\/tr>\n<tr>\n<td style=\"border: 2px solid #f5f0f0; width: 25%;\"><a href=\"http:\/\/kulturochkuriosa.se\/butik2\/wp-content\/uploads\/2015\/02\/Bamboo-fat1.jpg\" class=\"gallery_colorbox\"><img loading=\"lazy\" class=\"aligncenter size-medium wp-image-1019\" src=\"http:\/\/kulturochkuriosa.se\/butik2\/wp-content\/uploads\/2015\/02\/Bamboo-fat1-300x225.jpg\"  alt=\"Bamboo fat#1\" width=\"100%\" height=\"auto\" srcset=\"https:\/\/kulturochkuriosa.se\/butik2\/wp-content\/uploads\/2015\/02\/Bamboo-fat1-300x225.jpg 300w, https:\/\/kulturochkuriosa.se\/butik2\/wp-content\/uploads\/2015\/02\/Bamboo-fat1-768x576.jpg 768w, https:\/\/kulturochkuriosa.se\/butik2\/wp-content\/uploads\/2015\/02\/Bamboo-fat1-1024x768.jpg 1024w, https:\/\/kulturochkuriosa.se\/butik2\/wp-content\/uploads\/2015\/02\/Bamboo-fat1.jpg 1134w\" sizes=\"(max-width: 300px) 100vw, 300px\" \/><\/a><\/td>\n<td style=\"border: 2px solid #f5f0f0; width: 25%;\"><a href=\"http:\/\/kulturochkuriosa.se\/butik2\/wp-content\/uploads\/2015\/02\/Bamboo-fat1-sign.jpg\" class=\"gallery_colorbox\"><img loading=\"lazy\" class=\"aligncenter size-medium wp-image-1020\" src=\"http:\/\/kulturochkuriosa.se\/butik2\/wp-content\/uploads\/2015\/02\/Bamboo-fat1-sign-300x225.jpg\"  alt=\"Bamboo fat#1 sign\" width=\"100%\" height=\"auto\" srcset=\"https:\/\/kulturochkuriosa.se\/butik2\/wp-content\/uploads\/2015\/02\/Bamboo-fat1-sign-300x225.jpg 300w, https:\/\/kulturochkuriosa.se\/butik2\/wp-content\/uploads\/2015\/02\/Bamboo-fat1-sign-768x576.jpg 768w, https:\/\/kulturochkuriosa.se\/butik2\/wp-content\/uploads\/2015\/02\/Bamboo-fat1-sign-1024x768.jpg 1024w, https:\/\/kulturochkuriosa.se\/butik2\/wp-content\/uploads\/2015\/02\/Bamboo-fat1-sign.jpg 1134w\" sizes=\"(max-width: 300px) 100vw, 300px\" \/><\/a><\/td>\n<td style=\"border: 2px solid #f5f0f0; width: 25%;\"><a href=\"http:\/\/kulturochkuriosa.se\/butik2\/wp-content\/uploads\/2015\/02\/Bamboo-fat2.jpg\" class=\"gallery_colorbox\"><img loading=\"lazy\" class=\"aligncenter size-medium wp-image-1021\" src=\"http:\/\/kulturochkuriosa.se\/butik2\/wp-content\/uploads\/2015\/02\/Bamboo-fat2-300x225.jpg\"  alt=\"Bamboo fat#2\" width=\"100%\" height=\"auto\" srcset=\"https:\/\/kulturochkuriosa.se\/butik2\/wp-content\/uploads\/2015\/02\/Bamboo-fat2-300x225.jpg 300w, https:\/\/kulturochkuriosa.se\/butik2\/wp-content\/uploads\/2015\/02\/Bamboo-fat2-768x576.jpg 768w, https:\/\/kulturochkuriosa.se\/butik2\/wp-content\/uploads\/2015\/02\/Bamboo-fat2-1024x768.jpg 1024w, https:\/\/kulturochkuriosa.se\/butik2\/wp-content\/uploads\/2015\/02\/Bamboo-fat2.jpg 1134w\" sizes=\"(max-width: 300px) 100vw, 300px\" \/><\/a><\/td>\n<td style=\"border: 2px solid #f5f0f0; width: 25%;\"><a href=\"http:\/\/kulturochkuriosa.se\/butik2\/wp-content\/uploads\/2015\/02\/Bamboo-fat2-sign.jpg\" class=\"gallery_colorbox\"><img loading=\"lazy\" class=\"aligncenter size-medium wp-image-1022\" src=\"http:\/\/kulturochkuriosa.se\/butik2\/wp-content\/uploads\/2015\/02\/Bamboo-fat2-sign-300x225.jpg\"  alt=\"Bamboo fat#2 sign\" width=\"100%\" height=\"auto\" srcset=\"https:\/\/kulturochkuriosa.se\/butik2\/wp-content\/uploads\/2015\/02\/Bamboo-fat2-sign-300x225.jpg 300w, https:\/\/kulturochkuriosa.se\/butik2\/wp-content\/uploads\/2015\/02\/Bamboo-fat2-sign-768x576.jpg 768w, https:\/\/kulturochkuriosa.se\/butik2\/wp-content\/uploads\/2015\/02\/Bamboo-fat2-sign-1024x768.jpg 1024w, https:\/\/kulturochkuriosa.se\/butik2\/wp-content\/uploads\/2015\/02\/Bamboo-fat2-sign.jpg 1134w\" sizes=\"(max-width: 300px) 100vw, 300px\" \/><\/a><\/td>\n<\/tr>\n<tr style=\"vertical-align: top; background-color: #d4d4d4;\">\n<td style=\"border: 2px solid #f5f0f0; width: 25%;\" colspan=\"2\">Fat Bamboo nr 1, formgivet av Olle Alberius. Dia 19 cm, h\u00f6jd 5 cm, pris 250:-.<\/td>\n<td style=\"border: 2px solid #f5f0f0; width: 25%;\" colspan=\"2\">Fat Bamboo nr 2, dia 23 cm, h\u00f6jd 7 cm, pris 300:-.<\/td>\n<\/tr>\n<tr>\n<td style=\"border: 2px solid #f5f0f0; width: 25%;\"><a href=\"http:\/\/kulturochkuriosa.se\/butik2\/wp-content\/uploads\/2015\/02\/Bamboo-vas3.jpg\" class=\"gallery_colorbox\"><img loading=\"lazy\" class=\"aligncenter size-medium wp-image-1023\" src=\"http:\/\/kulturochkuriosa.se\/butik2\/wp-content\/uploads\/2015\/02\/Bamboo-vas3-300x225.jpg\"  alt=\"Bamboo vas#3\" width=\"100%\" height=\"auto\" srcset=\"https:\/\/kulturochkuriosa.se\/butik2\/wp-content\/uploads\/2015\/02\/Bamboo-vas3-300x225.jpg 300w, https:\/\/kulturochkuriosa.se\/butik2\/wp-content\/uploads\/2015\/02\/Bamboo-vas3-768x576.jpg 768w, https:\/\/kulturochkuriosa.se\/butik2\/wp-content\/uploads\/2015\/02\/Bamboo-vas3-1024x768.jpg 1024w, https:\/\/kulturochkuriosa.se\/butik2\/wp-content\/uploads\/2015\/02\/Bamboo-vas3.jpg 1134w\" sizes=\"(max-width: 300px) 100vw, 300px\" \/><\/a><\/td>\n<td style=\"border: 2px solid #f5f0f0; width: 25%;\"><a href=\"http:\/\/kulturochkuriosa.se\/butik2\/wp-content\/uploads\/2015\/02\/Bamboo-vas3-sign.jpg\" class=\"gallery_colorbox\"><img loading=\"lazy\" class=\"aligncenter size-medium wp-image-1024\" src=\"http:\/\/kulturochkuriosa.se\/butik2\/wp-content\/uploads\/2015\/02\/Bamboo-vas3-sign-300x225.jpg\"  alt=\"Bamboo vas#3 sign\" width=\"100%\" height=\"auto\" srcset=\"https:\/\/kulturochkuriosa.se\/butik2\/wp-content\/uploads\/2015\/02\/Bamboo-vas3-sign-300x225.jpg 300w, https:\/\/kulturochkuriosa.se\/butik2\/wp-content\/uploads\/2015\/02\/Bamboo-vas3-sign-768x576.jpg 768w, https:\/\/kulturochkuriosa.se\/butik2\/wp-content\/uploads\/2015\/02\/Bamboo-vas3-sign-1024x768.jpg 1024w, https:\/\/kulturochkuriosa.se\/butik2\/wp-content\/uploads\/2015\/02\/Bamboo-vas3-sign.jpg 1134w\" sizes=\"(max-width: 300px) 100vw, 300px\" \/><\/a><\/td>\n<td style=\"border: 2px solid #f5f0f0; width: 25%;\"><\/td>\n<td style=\"border: 2px solid #f5f0f0; width: 25%;\"><\/td>\n<\/tr>\n<tr style=\"vertical-align: top; background-color: #d4d4d4;\">\n<td style=\"border: 2px solid #f5f0f0; width: 25%;\" colspan=\"2\">Vas Bamboo nr 3, h\u00f6jd 12 cm, dia 12 cm, pris 250:-.<\/td>\n<td style=\"border: 2px solid #f5f0f0; width: 25%;\" colspan=\"2\"><\/td>\n<\/tr>\n<tr>\n<td style=\"border: 2px solid #f5f0f0; background-color: #444444; width: 25%; text-align: center;\" colspan=\"4\"><span style=\"color: #ffffff;\">S\u00e5lda produkter<br \/>\n<\/span><\/td>\n<\/tr>\n<tr>\n<td style=\"border: 2px solid #f5f0f0; width: 25%;\"><a href=\"http:\/\/kulturochkuriosa.se\/butik2\/wp-content\/uploads\/2015\/02\/sill-i-dill.jpg\" class=\"gallery_colorbox\"><img loading=\"lazy\" class=\"aligncenter size-medium wp-image-702\" src=\"http:\/\/kulturochkuriosa.se\/butik2\/wp-content\/uploads\/2015\/02\/sill-i-dill-300x225.jpg\"  alt=\"sill i dill\" width=\"100%\" height=\"auto\" srcset=\"https:\/\/kulturochkuriosa.se\/butik2\/wp-content\/uploads\/2015\/02\/sill-i-dill-300x225.jpg 300w, https:\/\/kulturochkuriosa.se\/butik2\/wp-content\/uploads\/2015\/02\/sill-i-dill-1024x768.jpg 1024w, https:\/\/kulturochkuriosa.se\/butik2\/wp-content\/uploads\/2015\/02\/sill-i-dill.jpg 1134w\" sizes=\"(max-width: 300px) 100vw, 300px\" \/><\/a><\/td>\n<td style=\"border: 2px solid #f5f0f0; width: 25%;\"><a href=\"http:\/\/kulturochkuriosa.se\/butik2\/wp-content\/uploads\/2015\/02\/tekanna.jpg\" class=\"gallery_colorbox\"><img loading=\"lazy\" class=\"aligncenter size-medium wp-image-704\" src=\"http:\/\/kulturochkuriosa.se\/butik2\/wp-content\/uploads\/2015\/02\/tekanna-300x225.jpg\"  alt=\"tekanna\" width=\"100%\" height=\"auto\" srcset=\"https:\/\/kulturochkuriosa.se\/butik2\/wp-content\/uploads\/2015\/02\/tekanna-300x225.jpg 300w, https:\/\/kulturochkuriosa.se\/butik2\/wp-content\/uploads\/2015\/02\/tekanna-1024x768.jpg 1024w, https:\/\/kulturochkuriosa.se\/butik2\/wp-content\/uploads\/2015\/02\/tekanna.jpg 1134w\" sizes=\"(max-width: 300px) 100vw, 300px\" \/><\/a><\/td>\n<td style=\"border: 2px solid #f5f0f0; width: 25%;\"><a href=\"http:\/\/kulturochkuriosa.se\/butik2\/wp-content\/uploads\/2015\/02\/tekanna-sign.jpg\" class=\"gallery_colorbox\"><img loading=\"lazy\" class=\"aligncenter size-medium wp-image-705\" src=\"http:\/\/kulturochkuriosa.se\/butik2\/wp-content\/uploads\/2015\/02\/tekanna-sign-300x225.jpg\"  alt=\"tekanna sign\" width=\"100%\" height=\"auto\" srcset=\"https:\/\/kulturochkuriosa.se\/butik2\/wp-content\/uploads\/2015\/02\/tekanna-sign-300x225.jpg 300w, https:\/\/kulturochkuriosa.se\/butik2\/wp-content\/uploads\/2015\/02\/tekanna-sign-1024x768.jpg 1024w, https:\/\/kulturochkuriosa.se\/butik2\/wp-content\/uploads\/2015\/02\/tekanna-sign.jpg 1134w\" sizes=\"(max-width: 300px) 100vw, 300px\" \/><\/a><\/td>\n<td style=\"border: 2px solid #f5f0f0; width: 25%;\"><\/td>\n<\/tr>\n<tr style=\"vertical-align: top; background-color: #d4d4d4;\">\n<td style=\"border: 2px solid #f5f0f0; width: 25%;\">Sillburk formgiven av Marianne Westman, <del>pris 300:-.<\/del> <strong>S\u00e5ld.<\/strong><\/td>\n<td style=\"border: 2px solid #f5f0f0; width: 25%;\" colspan=\"2\">J\u00e4ttesnygg tekanna av Gunnar Nylund. Andrasortering men v\u00e4ldigt fin \u00e4nd\u00e5. <del>Pris 500:-.<\/del> <strong>S\u00e5ld.<\/strong><\/td>\n<td style=\"border: 2px solid #f5f0f0; width: 25%;\"><\/td>\n<\/tr>\n<tr>\n<td style=\"border: 2px solid #f5f0f0; width: 25%;\"><a href=\"http:\/\/kulturochkuriosa.se\/butik2\/wp-content\/uploads\/2015\/02\/bl\u00e5-eld-tekanna.jpg\" class=\"gallery_colorbox\"><img loading=\"lazy\" class=\"aligncenter size-medium wp-image-1025\" src=\"http:\/\/kulturochkuriosa.se\/butik2\/wp-content\/uploads\/2015\/02\/bl\u00e5-eld-tekanna-300x225.jpg\"  alt=\"bl\u00e5 eld tekanna\" width=\"100%\" height=\"auto\" srcset=\"https:\/\/kulturochkuriosa.se\/butik2\/wp-content\/uploads\/2015\/02\/bl\u00e5-eld-tekanna-300x225.jpg 300w, https:\/\/kulturochkuriosa.se\/butik2\/wp-content\/uploads\/2015\/02\/bl\u00e5-eld-tekanna-768x576.jpg 768w, https:\/\/kulturochkuriosa.se\/butik2\/wp-content\/uploads\/2015\/02\/bl\u00e5-eld-tekanna-1024x768.jpg 1024w, https:\/\/kulturochkuriosa.se\/butik2\/wp-content\/uploads\/2015\/02\/bl\u00e5-eld-tekanna.jpg 1134w\" sizes=\"(max-width: 300px) 100vw, 300px\" \/><\/a><\/td>\n<td style=\"border: 2px solid #f5f0f0; width: 25%;\"><a href=\"http:\/\/kulturochkuriosa.se\/butik2\/wp-content\/uploads\/2015\/02\/bl\u00e5-eld-tekanna-skada.jpg\" class=\"gallery_colorbox\"><img loading=\"lazy\" class=\"aligncenter size-medium wp-image-1026\" src=\"http:\/\/kulturochkuriosa.se\/butik2\/wp-content\/uploads\/2015\/02\/bl\u00e5-eld-tekanna-skada-300x225.jpg\"  alt=\"bl\u00e5 eld tekanna skada\" width=\"100%\" height=\"auto\" srcset=\"https:\/\/kulturochkuriosa.se\/butik2\/wp-content\/uploads\/2015\/02\/bl\u00e5-eld-tekanna-skada-300x225.jpg 300w, https:\/\/kulturochkuriosa.se\/butik2\/wp-content\/uploads\/2015\/02\/bl\u00e5-eld-tekanna-skada-768x576.jpg 768w, https:\/\/kulturochkuriosa.se\/butik2\/wp-content\/uploads\/2015\/02\/bl\u00e5-eld-tekanna-skada-1024x768.jpg 1024w, https:\/\/kulturochkuriosa.se\/butik2\/wp-content\/uploads\/2015\/02\/bl\u00e5-eld-tekanna-skada.jpg 1134w\" sizes=\"(max-width: 300px) 100vw, 300px\" \/><\/a><\/td>\n<td style=\"border: 2px solid #f5f0f0; width: 25%;\"><\/td>\n<td style=\"border: 2px solid #f5f0f0; width: 25%;\"><\/td>\n<\/tr>\n<tr style=\"vertical-align: top; background-color: #d4d4d4;\">\n<td style=\"border: 2px solid #f5f0f0; width: 25%;\" colspan=\"2\">Tekannan i Hertha Bengtssons &#8221;Bl\u00e5 Eld&#8221;. Tyv\u00e4rr en skada inuti \u00f6ppningen, men helt perfekt utv\u00e4ndigt.<del> Pris 700:-.<\/del> \u00a0<strong>S\u00e5ld.<\/strong><del><br \/>\n<\/del><\/td>\n<td style=\"border: 2px solid #f5f0f0; width: 25%;\"><\/td>\n<td style=\"border: 2px solid #f5f0f0; width: 25%;\"><\/td>\n<\/tr>\n<\/tbody>\n<\/table>\n<p>&nbsp;<\/p>\n","protected":false},"excerpt":{"rendered":"<p>R\u00f6rstrands porslinsfabrik grundades 1726 i Stockholm, efter en trevande start v\u00e4xte fabriken och runt 1900 hade man \u00f6ver 1000 anst\u00e4llda. 1914 k\u00f6ptes G\u00f6teborgs Porslinsfabrik, eftersom fabriken i Stockholm inte var tillr\u00e4ckligt l\u00f6nsam lades den ner och tillverkningen flyttades till G\u00f6teborg 1926. De ekonomiska problemen fortsatte dock och runt 1930 k\u00f6per \u00e4garna till Lidk\u00f6pings Porslinsfabrik R\u00f6rstrand, <a href='https:\/\/kulturochkuriosa.se\/butik2\/porslin\/rorstrand\/' class='excerpt-more'>[&#8230;]<\/a><\/p>\n","protected":false},"author":2,"featured_media":0,"parent":136,"menu_order":70,"comment_status":"closed","ping_status":"closed","template":"","meta":[],"_links":{"self":[{"href":"https:\/\/kulturochkuriosa.se\/butik2\/wp-json\/wp\/v2\/pages\/506"}],"collection":[{"href":"https:\/\/kulturochkuriosa.se\/butik2\/wp-json\/wp\/v2\/pages"}],"about":[{"href":"https:\/\/kulturochkuriosa.se\/butik2\/wp-json\/wp\/v2\/types\/page"}],"author":[{"embeddable":true,"href":"https:\/\/kulturochkuriosa.se\/butik2\/wp-json\/wp\/v2\/users\/2"}],"replies":[{"embeddable":true,"href":"https:\/\/kulturochkuriosa.se\/butik2\/wp-json\/wp\/v2\/comments?post=506"}],"version-history":[{"count":18,"href":"https:\/\/kulturochkuriosa.se\/butik2\/wp-json\/wp\/v2\/pages\/506\/revisions"}],"predecessor-version":[{"id":1052,"href":"https:\/\/kulturochkuriosa.se\/butik2\/wp-json\/wp\/v2\/pages\/506\/revisions\/1052"}],"up":[{"embeddable":true,"href":"https:\/\/kulturochkuriosa.se\/butik2\/wp-json\/wp\/v2\/pages\/136"}],"wp:attachment":[{"href":"https:\/\/kulturochkuriosa.se\/butik2\/wp-json\/wp\/v2\/media?parent=506"}],"curies":[{"name":"wp","href":"https:\/\/api.w.org\/{rel}","templated":true}]}}