{"id":499,"date":"2015-02-10T13:07:52","date_gmt":"2015-02-10T12:07:52","guid":{"rendered":"http:\/\/kulturochkuriosa.se\/butik2\/?page_id=499"},"modified":"2016-04-04T12:41:39","modified_gmt":"2016-04-04T10:41:39","slug":"upsala-ekeby","status":"publish","type":"page","link":"https:\/\/kulturochkuriosa.se\/butik2\/porslin\/upsala-ekeby\/","title":{"rendered":"Upsala-Ekeby"},"content":{"rendered":"<p>Upsala-Ekeby AB bildades 1886, tillverkningen bestod i b\u00f6rjan av tegel och kakel. S\u00e5 sm\u00e5ningom \u00f6vergick man till hush\u00e5lls- och konstkeramik, 1936 k\u00f6ptes Gefle Porslinsfabrik och 1942 inf\u00f6rlivades AB Karlskrona Porslinsfabrik i koncernen. 1964 k\u00f6ptes R\u00f6rstrand och senare vidgade man vyerna genom att bl.a. k\u00f6pa Reijmyre Glasbruk och Kosta Boda. UE koncernen k\u00f6ptes p\u00e5 1980-talet av Proventus, koncernen styckades och samtliga porslinsfabriker \u00e4r nu nedlagda.<br \/>\nM\u00e5nga k\u00e4nda formgivare arbetade p\u00e5 UE, bl.a. Vicke Lindstrand, Ingrid Atterberg, Edvin Ollers, Mari Simmulson, Anna Lisa Thomson och m\u00e5nga fler.<\/p>\n<table style=\"height: auto; background-color: #b4b4b4; width: 100%;\">\n<tbody>\n<tr>\n<td style=\"border: 2px solid #f5f0f0; width: 25%;\"><a href=\"http:\/\/kulturochkuriosa.se\/butik2\/wp-content\/uploads\/2015\/02\/askfat-12.jpg\" class=\"gallery_colorbox\" rel=\"attachment wp-att-939\"><img loading=\"lazy\" class=\"aligncenter size-medium wp-image-939\" src=\"http:\/\/kulturochkuriosa.se\/butik2\/wp-content\/uploads\/2015\/02\/askfat-12-300x225.jpg\"  alt=\"askfat 12\" width=\"100%\" height=\"auto\" srcset=\"https:\/\/kulturochkuriosa.se\/butik2\/wp-content\/uploads\/2015\/02\/askfat-12-300x225.jpg 300w, https:\/\/kulturochkuriosa.se\/butik2\/wp-content\/uploads\/2015\/02\/askfat-12-768x576.jpg 768w, https:\/\/kulturochkuriosa.se\/butik2\/wp-content\/uploads\/2015\/02\/askfat-12-1024x768.jpg 1024w, https:\/\/kulturochkuriosa.se\/butik2\/wp-content\/uploads\/2015\/02\/askfat-12.jpg 1134w\" sizes=\"(max-width: 300px) 100vw, 300px\" \/><\/a><\/td>\n<td style=\"border: 2px solid #f5f0f0; width: 25%;\"><\/td>\n<td style=\"border: 2px solid #f5f0f0; width: 25%;\"><\/td>\n<td style=\"border: 2px solid #f5f0f0; width: 25%;\"><\/td>\n<\/tr>\n<tr style=\"vertical-align: top; background-color: #d4d4d4;\">\n<td style=\"border: 2px solid #f5f0f0; width: 25%;\">\u00a0Fat i Art Deco med prodnr 12, formgivet av Einar Luterkort. Pris 400:-.<\/td>\n<td style=\"border: 2px solid #f5f0f0; width: 25%;\"><\/td>\n<td style=\"border: 2px solid #f5f0f0; width: 25%;\"><\/td>\n<td style=\"border: 2px solid #f5f0f0; width: 25%;\"><\/td>\n<\/tr>\n<\/tbody>\n<\/table>\n","protected":false},"excerpt":{"rendered":"<p>Upsala-Ekeby AB bildades 1886, tillverkningen bestod i b\u00f6rjan av tegel och kakel. S\u00e5 sm\u00e5ningom \u00f6vergick man till hush\u00e5lls- och konstkeramik, 1936 k\u00f6ptes Gefle Porslinsfabrik och 1942 inf\u00f6rlivades AB Karlskrona Porslinsfabrik i koncernen. 1964 k\u00f6ptes R\u00f6rstrand och senare vidgade man vyerna genom att bl.a. k\u00f6pa Reijmyre Glasbruk och Kosta Boda. UE koncernen k\u00f6ptes p\u00e5 1980-talet av <a href='https:\/\/kulturochkuriosa.se\/butik2\/porslin\/upsala-ekeby\/' class='excerpt-more'>[&#8230;]<\/a><\/p>\n","protected":false},"author":2,"featured_media":0,"parent":136,"menu_order":80,"comment_status":"closed","ping_status":"closed","template":"","meta":[],"_links":{"self":[{"href":"https:\/\/kulturochkuriosa.se\/butik2\/wp-json\/wp\/v2\/pages\/499"}],"collection":[{"href":"https:\/\/kulturochkuriosa.se\/butik2\/wp-json\/wp\/v2\/pages"}],"about":[{"href":"https:\/\/kulturochkuriosa.se\/butik2\/wp-json\/wp\/v2\/types\/page"}],"author":[{"embeddable":true,"href":"https:\/\/kulturochkuriosa.se\/butik2\/wp-json\/wp\/v2\/users\/2"}],"replies":[{"embeddable":true,"href":"https:\/\/kulturochkuriosa.se\/butik2\/wp-json\/wp\/v2\/comments?post=499"}],"version-history":[{"count":8,"href":"https:\/\/kulturochkuriosa.se\/butik2\/wp-json\/wp\/v2\/pages\/499\/revisions"}],"predecessor-version":[{"id":988,"href":"https:\/\/kulturochkuriosa.se\/butik2\/wp-json\/wp\/v2\/pages\/499\/revisions\/988"}],"up":[{"embeddable":true,"href":"https:\/\/kulturochkuriosa.se\/butik2\/wp-json\/wp\/v2\/pages\/136"}],"wp:attachment":[{"href":"https:\/\/kulturochkuriosa.se\/butik2\/wp-json\/wp\/v2\/media?parent=499"}],"curies":[{"name":"wp","href":"https:\/\/api.w.org\/{rel}","templated":true}]}}