{"id":139,"date":"2015-01-23T14:54:24","date_gmt":"2015-01-23T13:54:24","guid":{"rendered":"http:\/\/kulturochkuriosa.se\/butik2\/?page_id=139"},"modified":"2016-04-04T12:40:27","modified_gmt":"2016-04-04T10:40:27","slug":"gefle","status":"publish","type":"page","link":"https:\/\/kulturochkuriosa.se\/butik2\/porslin\/gefle\/","title":{"rendered":"Gefle"},"content":{"rendered":"<p>Gefle Porslinsbruk grundades 1910 och ombildades 1913 till Gefle Porslinsfabrik AB. 1936 inf\u00f6rlivades den i Uppsala-Ekeby, 1979 lades tillverkningen ner.<\/p>\n<p>Bland formgivarna m\u00e4rks Arthur Percy, Eugen Trost, Lillemor Mannerheim och Helmer Ringstr\u00f6m.<\/p>\n<table style=\"height: auto; background-color: #b4b4b4; width: 100%;\">\n<tbody>\n<tr>\n<td style=\"border: 2px solid #f5f0f0; width: 25%;\">\u00a0<a href=\"http:\/\/kulturochkuriosa.se\/butik2\/wp-content\/uploads\/2015\/01\/kryss-tallrik.jpg\" class=\"gallery_colorbox\"><img loading=\"lazy\" class=\"aligncenter size-medium wp-image-709\" src=\"http:\/\/kulturochkuriosa.se\/butik2\/wp-content\/uploads\/2015\/01\/kryss-tallrik-300x225.jpg\"  alt=\"kryss tallrik\" width=\"100%\" height=\"auto\" srcset=\"https:\/\/kulturochkuriosa.se\/butik2\/wp-content\/uploads\/2015\/01\/kryss-tallrik-300x225.jpg 300w, https:\/\/kulturochkuriosa.se\/butik2\/wp-content\/uploads\/2015\/01\/kryss-tallrik-1024x768.jpg 1024w, https:\/\/kulturochkuriosa.se\/butik2\/wp-content\/uploads\/2015\/01\/kryss-tallrik.jpg 1134w\" sizes=\"(max-width: 300px) 100vw, 300px\" \/><\/a><\/td>\n<td style=\"border: 2px solid #f5f0f0; width: 25%;\"><\/td>\n<td style=\"border: 2px solid #f5f0f0; width: 25%;\"><\/td>\n<td style=\"border: 2px solid #f5f0f0; width: 25%;\"><\/td>\n<\/tr>\n<tr style=\"vertical-align: top; background-color: #d4d4d4;\">\n<td style=\"border: 2px solid #f5f0f0; width: 25%;\">\u00a0Tallrik &#8221;Kryss&#8221; av Helmer Ringstr\u00f6m. J\u00e4ttefint skick, dia 25 cm, <del>pris 120:-<\/del>. Mattallrikar slut, uppl\u00e4ggningsfat finns.<\/td>\n<td style=\"border: 2px solid #f5f0f0; width: 25%;\"><\/td>\n<td style=\"border: 2px solid #f5f0f0; width: 25%;\"><\/td>\n<td style=\"border: 2px solid #f5f0f0; width: 25%;\"><\/td>\n<\/tr>\n<\/tbody>\n<\/table>\n","protected":false},"excerpt":{"rendered":"<p>Gefle Porslinsbruk grundades 1910 och ombildades 1913 till Gefle Porslinsfabrik AB. 1936 inf\u00f6rlivades den i Uppsala-Ekeby, 1979 lades tillverkningen ner. Bland formgivarna m\u00e4rks Arthur Percy, Eugen Trost, Lillemor Mannerheim och Helmer Ringstr\u00f6m. \u00a0 \u00a0Tallrik &#8221;Kryss&#8221; av Helmer Ringstr\u00f6m. J\u00e4ttefint skick, dia 25 cm, pris 120:-. Mattallrikar slut, uppl\u00e4ggningsfat finns.<\/p>\n","protected":false},"author":2,"featured_media":0,"parent":136,"menu_order":30,"comment_status":"closed","ping_status":"closed","template":"","meta":[],"_links":{"self":[{"href":"https:\/\/kulturochkuriosa.se\/butik2\/wp-json\/wp\/v2\/pages\/139"}],"collection":[{"href":"https:\/\/kulturochkuriosa.se\/butik2\/wp-json\/wp\/v2\/pages"}],"about":[{"href":"https:\/\/kulturochkuriosa.se\/butik2\/wp-json\/wp\/v2\/types\/page"}],"author":[{"embeddable":true,"href":"https:\/\/kulturochkuriosa.se\/butik2\/wp-json\/wp\/v2\/users\/2"}],"replies":[{"embeddable":true,"href":"https:\/\/kulturochkuriosa.se\/butik2\/wp-json\/wp\/v2\/comments?post=139"}],"version-history":[{"count":6,"href":"https:\/\/kulturochkuriosa.se\/butik2\/wp-json\/wp\/v2\/pages\/139\/revisions"}],"predecessor-version":[{"id":987,"href":"https:\/\/kulturochkuriosa.se\/butik2\/wp-json\/wp\/v2\/pages\/139\/revisions\/987"}],"up":[{"embeddable":true,"href":"https:\/\/kulturochkuriosa.se\/butik2\/wp-json\/wp\/v2\/pages\/136"}],"wp:attachment":[{"href":"https:\/\/kulturochkuriosa.se\/butik2\/wp-json\/wp\/v2\/media?parent=139"}],"curies":[{"name":"wp","href":"https:\/\/api.w.org\/{rel}","templated":true}]}}