{"id":75,"date":"2014-11-04T17:11:33","date_gmt":"2014-11-04T16:11:33","guid":{"rendered":"http:\/\/kulturochkuriosa.se\/butik2\/?page_id=75"},"modified":"2018-01-27T13:03:46","modified_gmt":"2018-01-27T12:03:46","slug":"servisglas","status":"publish","type":"page","link":"http:\/\/kulturochkuriosa.se\/butik2\/glas\/kosta\/servisglas\/","title":{"rendered":"Servisglas"},"content":{"rendered":"<p>Servisglas fr\u00e5n Kosta var under m\u00e5nga \u00e5r synonymt med Elis Bergh, han skapade runt tv\u00e5hundra olika modeller. Senare formgavs serviser av bl.a. Vicke Lindstrand, Ann och G\u00f6ran W\u00e4rff, Sigurd Persson.<\/p>\n<table style=\"height: auto; background-color: #b4b4b4; width: 100%;\">\n<tbody>\n<tr>\n<td style=\"border: 2px solid #f5f0f0; width: 25%;\"><a href=\"http:\/\/kulturochkuriosa.se\/butik2\/wp-content\/uploads\/2014\/11\/Bergh-guldbrun-b\u00e5da.jpg\" class=\"gallery_colorbox\"><img loading=\"lazy\" class=\"aligncenter size-medium wp-image-76\" src=\"http:\/\/kulturochkuriosa.se\/butik2\/wp-content\/uploads\/2014\/11\/Bergh-guldbrun-b\u00e5da-300x224.jpg\"  alt=\"Bergh guldbrun b\u00e5da\" width=\"100%\" height=\"auto\" srcset=\"http:\/\/kulturochkuriosa.se\/butik2\/wp-content\/uploads\/2014\/11\/Bergh-guldbrun-b\u00e5da-300x224.jpg 300w, http:\/\/kulturochkuriosa.se\/butik2\/wp-content\/uploads\/2014\/11\/Bergh-guldbrun-b\u00e5da-1024x767.jpg 1024w, http:\/\/kulturochkuriosa.se\/butik2\/wp-content\/uploads\/2014\/11\/Bergh-guldbrun-b\u00e5da.jpg 1134w\" sizes=\"(max-width: 300px) 100vw, 300px\" \/><\/a><\/td>\n<td style=\"border: 2px solid #f5f0f0; width: 25%;\"><a href=\"http:\/\/kulturochkuriosa.se\/butik2\/wp-content\/uploads\/2014\/11\/Bergh-guldbrun-etikett.jpg\" class=\"gallery_colorbox\"><img loading=\"lazy\" class=\"aligncenter size-medium wp-image-77\" src=\"http:\/\/kulturochkuriosa.se\/butik2\/wp-content\/uploads\/2014\/11\/Bergh-guldbrun-etikett-300x224.jpg\"  alt=\"Bergh guldbrun etikett\" width=\"100%\" height=\"auto\" srcset=\"http:\/\/kulturochkuriosa.se\/butik2\/wp-content\/uploads\/2014\/11\/Bergh-guldbrun-etikett-300x224.jpg 300w, http:\/\/kulturochkuriosa.se\/butik2\/wp-content\/uploads\/2014\/11\/Bergh-guldbrun-etikett-1024x767.jpg 1024w, http:\/\/kulturochkuriosa.se\/butik2\/wp-content\/uploads\/2014\/11\/Bergh-guldbrun-etikett.jpg 1134w\" sizes=\"(max-width: 300px) 100vw, 300px\" \/><\/a><\/td>\n<td style=\"border: 2px solid #f5f0f0; width: 25%;\"><a href=\"http:\/\/kulturochkuriosa.se\/butik2\/wp-content\/uploads\/2014\/11\/Bergh-guldbrun-vin.jpg\" class=\"gallery_colorbox\"><img loading=\"lazy\" class=\"aligncenter size-medium wp-image-79\" src=\"http:\/\/kulturochkuriosa.se\/butik2\/wp-content\/uploads\/2014\/11\/Bergh-guldbrun-vin-224x300.jpg\"  alt=\"Bergh guldbrun vin\" width=\"80%\" height=\"auto\" srcset=\"http:\/\/kulturochkuriosa.se\/butik2\/wp-content\/uploads\/2014\/11\/Bergh-guldbrun-vin-224x300.jpg 224w, http:\/\/kulturochkuriosa.se\/butik2\/wp-content\/uploads\/2014\/11\/Bergh-guldbrun-vin-767x1024.jpg 767w, http:\/\/kulturochkuriosa.se\/butik2\/wp-content\/uploads\/2014\/11\/Bergh-guldbrun-vin.jpg 850w\" sizes=\"(max-width: 224px) 100vw, 224px\" \/><\/a><\/td>\n<td style=\"border: 2px solid #f5f0f0; width: 25%;\"><a href=\"http:\/\/kulturochkuriosa.se\/butik2\/wp-content\/uploads\/2014\/11\/Bergh-guldbrun-stvin.jpg\" class=\"gallery_colorbox\"><img loading=\"lazy\" class=\"aligncenter size-medium wp-image-78\" src=\"http:\/\/kulturochkuriosa.se\/butik2\/wp-content\/uploads\/2014\/11\/Bergh-guldbrun-stvin-224x300.jpg\"  alt=\"Bergh guldbrun stvin\" width=\"80%\" height=\"auto\" srcset=\"http:\/\/kulturochkuriosa.se\/butik2\/wp-content\/uploads\/2014\/11\/Bergh-guldbrun-stvin-224x300.jpg 224w, http:\/\/kulturochkuriosa.se\/butik2\/wp-content\/uploads\/2014\/11\/Bergh-guldbrun-stvin-767x1024.jpg 767w, http:\/\/kulturochkuriosa.se\/butik2\/wp-content\/uploads\/2014\/11\/Bergh-guldbrun-stvin.jpg 850w\" sizes=\"(max-width: 224px) 100vw, 224px\" \/><\/a><\/td>\n<\/tr>\n<tr style=\"vertical-align: top; background-color: #d4d4d4;\">\n<td style=\"border: 2px solid #f5f0f0; width: 25%;\" colspan=\"2\">Vackra trettiotalsglas i en h\u00e4rlig guldgul nyans. Har tyv\u00e4rr inte hittat modellnamnet, men de \u00e4r ju definitivt skapade av Elis Bergh.<\/td>\n<td style=\"border: 2px solid #f5f0f0; width: 25%;\">Vin\/\u00f6l, h\u00f6jd 13 cm, dia 8,5 cm, <del>pris 200:-<\/del>. <strong>Sluts\u00e5ld.<\/strong><\/td>\n<td style=\"border: 2px solid #f5f0f0; width: 25%;\">Starkvin, h\u00f6jd 9 cm, dia 7,5 cm, pris 180:-.<\/td>\n<\/tr>\n<tr>\n<td style=\"border: 2px solid #f5f0f0; width: 25%;\"><a href=\"http:\/\/kulturochkuriosa.se\/butik2\/wp-content\/uploads\/2014\/11\/Ulriksdal-m\u00e5nga-vinglas1.jpg\" class=\"gallery_colorbox\"><img loading=\"lazy\" class=\"aligncenter size-medium wp-image-449\" src=\"http:\/\/kulturochkuriosa.se\/butik2\/wp-content\/uploads\/2014\/11\/Ulriksdal-m\u00e5nga-vinglas1-300x225.jpg\"  alt=\"Ulriksdal m\u00e5nga vinglas\" width=\"100%\" height=\"auto\" srcset=\"http:\/\/kulturochkuriosa.se\/butik2\/wp-content\/uploads\/2014\/11\/Ulriksdal-m\u00e5nga-vinglas1-300x225.jpg 300w, http:\/\/kulturochkuriosa.se\/butik2\/wp-content\/uploads\/2014\/11\/Ulriksdal-m\u00e5nga-vinglas1-1024x768.jpg 1024w, http:\/\/kulturochkuriosa.se\/butik2\/wp-content\/uploads\/2014\/11\/Ulriksdal-m\u00e5nga-vinglas1.jpg 1134w\" sizes=\"(max-width: 300px) 100vw, 300px\" \/><\/a><\/td>\n<td style=\"border: 2px solid #f5f0f0; width: 25%;\"><a href=\"http:\/\/kulturochkuriosa.se\/butik2\/wp-content\/uploads\/2014\/11\/Ulriksdal-vinglas.jpg\" class=\"gallery_colorbox\"><img loading=\"lazy\" class=\"aligncenter size-medium wp-image-450\" src=\"http:\/\/kulturochkuriosa.se\/butik2\/wp-content\/uploads\/2014\/11\/Ulriksdal-vinglas-225x300.jpg\"  alt=\"Ulriksdal vinglas\" width=\"80%\" height=\"auto\" srcset=\"http:\/\/kulturochkuriosa.se\/butik2\/wp-content\/uploads\/2014\/11\/Ulriksdal-vinglas-225x300.jpg 225w, http:\/\/kulturochkuriosa.se\/butik2\/wp-content\/uploads\/2014\/11\/Ulriksdal-vinglas-768x1024.jpg 768w, http:\/\/kulturochkuriosa.se\/butik2\/wp-content\/uploads\/2014\/11\/Ulriksdal-vinglas.jpg 850w\" sizes=\"(max-width: 225px) 100vw, 225px\" \/><\/a><\/td>\n<td style=\"border: 2px solid #f5f0f0; width: 25%;\"><a href=\"http:\/\/kulturochkuriosa.se\/butik2\/wp-content\/uploads\/2014\/11\/Ulriksdal-vattenglas.jpg\" class=\"gallery_colorbox\"><img loading=\"lazy\" class=\"aligncenter size-medium wp-image-451\" src=\"http:\/\/kulturochkuriosa.se\/butik2\/wp-content\/uploads\/2014\/11\/Ulriksdal-vattenglas-225x300.jpg\"  alt=\"Ulriksdal vattenglas\" width=\"80%\" height=\"auto\" srcset=\"http:\/\/kulturochkuriosa.se\/butik2\/wp-content\/uploads\/2014\/11\/Ulriksdal-vattenglas-225x300.jpg 225w, http:\/\/kulturochkuriosa.se\/butik2\/wp-content\/uploads\/2014\/11\/Ulriksdal-vattenglas-768x1024.jpg 768w, http:\/\/kulturochkuriosa.se\/butik2\/wp-content\/uploads\/2014\/11\/Ulriksdal-vattenglas.jpg 850w\" sizes=\"(max-width: 225px) 100vw, 225px\" \/><\/a><\/td>\n<td style=\"border: 2px solid #f5f0f0; width: 25%;\"><a href=\"http:\/\/kulturochkuriosa.se\/butik2\/wp-content\/uploads\/2014\/11\/Ekeberga-fj\u00e4ll-4st.jpg\" class=\"gallery_colorbox\"><img loading=\"lazy\" class=\"aligncenter size-medium wp-image-726\" src=\"http:\/\/kulturochkuriosa.se\/butik2\/wp-content\/uploads\/2014\/11\/Ekeberga-fj\u00e4ll-4st-300x225.jpg\"  alt=\"Ekeberga fj\u00e4ll 4st\" width=\"100%\" height=\"auto\" srcset=\"http:\/\/kulturochkuriosa.se\/butik2\/wp-content\/uploads\/2014\/11\/Ekeberga-fj\u00e4ll-4st-300x225.jpg 300w, http:\/\/kulturochkuriosa.se\/butik2\/wp-content\/uploads\/2014\/11\/Ekeberga-fj\u00e4ll-4st-1024x768.jpg 1024w, http:\/\/kulturochkuriosa.se\/butik2\/wp-content\/uploads\/2014\/11\/Ekeberga-fj\u00e4ll-4st.jpg 1134w\" sizes=\"(max-width: 300px) 100vw, 300px\" \/><\/a><\/td>\n<\/tr>\n<tr style=\"vertical-align: top; background-color: #d4d4d4;\">\n<td style=\"border: 2px solid #f5f0f0; width: 25%;\">Ulriksdal, klassisk servis i helkristall, formgiven av Elis Bergh.<\/td>\n<td style=\"border: 2px solid #f5f0f0; width: 25%;\">Vinglas, h\u00f6jd 14 cm, pris 180:-.<\/td>\n<td style=\"border: 2px solid #f5f0f0; width: 25%;\">Selterglas, h\u00f6jd 10 cm, pris 100:-.<\/td>\n<td style=\"border: 2px solid #f5f0f0; width: 25%;\">Ekeberga med fj\u00e4llslipning, helkristall formgiven av Elis Bergh 1944.<\/td>\n<\/tr>\n<tr>\n<td style=\"border: 2px solid #f5f0f0; width: 25%;\"><a href=\"http:\/\/kulturochkuriosa.se\/butik2\/wp-content\/uploads\/2014\/11\/Ekeberga-fj\u00e4ll-vin.jpg\" class=\"gallery_colorbox\"><img loading=\"lazy\" class=\"aligncenter size-medium wp-image-721\" src=\"http:\/\/kulturochkuriosa.se\/butik2\/wp-content\/uploads\/2014\/11\/Ekeberga-fj\u00e4ll-vin-225x300.jpg\"  alt=\"Ekeberga fj\u00e4ll vin\" width=\"80%\" height=\"auto\" srcset=\"http:\/\/kulturochkuriosa.se\/butik2\/wp-content\/uploads\/2014\/11\/Ekeberga-fj\u00e4ll-vin-225x300.jpg 225w, http:\/\/kulturochkuriosa.se\/butik2\/wp-content\/uploads\/2014\/11\/Ekeberga-fj\u00e4ll-vin-768x1024.jpg 768w, http:\/\/kulturochkuriosa.se\/butik2\/wp-content\/uploads\/2014\/11\/Ekeberga-fj\u00e4ll-vin.jpg 850w\" sizes=\"(max-width: 225px) 100vw, 225px\" \/><\/a><\/td>\n<td style=\"border: 2px solid #f5f0f0; width: 25%;\"><a href=\"http:\/\/kulturochkuriosa.se\/butik2\/wp-content\/uploads\/2014\/11\/Ekeberga-fj\u00e4ll-snaps.jpg\" class=\"gallery_colorbox\"><img loading=\"lazy\" class=\"aligncenter size-medium wp-image-722\" src=\"http:\/\/kulturochkuriosa.se\/butik2\/wp-content\/uploads\/2014\/11\/Ekeberga-fj\u00e4ll-snaps-225x300.jpg\"  alt=\"Ekeberga fj\u00e4ll snaps\" width=\"80%\" height=\"auto\" srcset=\"http:\/\/kulturochkuriosa.se\/butik2\/wp-content\/uploads\/2014\/11\/Ekeberga-fj\u00e4ll-snaps-225x300.jpg 225w, http:\/\/kulturochkuriosa.se\/butik2\/wp-content\/uploads\/2014\/11\/Ekeberga-fj\u00e4ll-snaps-768x1024.jpg 768w, http:\/\/kulturochkuriosa.se\/butik2\/wp-content\/uploads\/2014\/11\/Ekeberga-fj\u00e4ll-snaps.jpg 850w\" sizes=\"(max-width: 225px) 100vw, 225px\" \/><\/a><\/td>\n<td style=\"border: 2px solid #f5f0f0; width: 25%;\"><a href=\"http:\/\/kulturochkuriosa.se\/butik2\/wp-content\/uploads\/2014\/11\/Ekeberga-fj\u00e4ll-grogg.jpg\" class=\"gallery_colorbox\"><img loading=\"lazy\" class=\"aligncenter size-medium wp-image-723\" src=\"http:\/\/kulturochkuriosa.se\/butik2\/wp-content\/uploads\/2014\/11\/Ekeberga-fj\u00e4ll-grogg-225x300.jpg\"  alt=\"Ekeberga fj\u00e4ll grogg\" width=\"80%\" height=\"auto\" srcset=\"http:\/\/kulturochkuriosa.se\/butik2\/wp-content\/uploads\/2014\/11\/Ekeberga-fj\u00e4ll-grogg-225x300.jpg 225w, http:\/\/kulturochkuriosa.se\/butik2\/wp-content\/uploads\/2014\/11\/Ekeberga-fj\u00e4ll-grogg-768x1024.jpg 768w, http:\/\/kulturochkuriosa.se\/butik2\/wp-content\/uploads\/2014\/11\/Ekeberga-fj\u00e4ll-grogg.jpg 850w\" sizes=\"(max-width: 225px) 100vw, 225px\" \/><\/a><\/td>\n<td style=\"border: 2px solid #f5f0f0; width: 25%;\"><a href=\"http:\/\/kulturochkuriosa.se\/butik2\/wp-content\/uploads\/2014\/11\/Ekeberga-fj\u00e4ll-selter.jpg\" class=\"gallery_colorbox\"><img loading=\"lazy\" class=\"aligncenter size-medium wp-image-724\" src=\"http:\/\/kulturochkuriosa.se\/butik2\/wp-content\/uploads\/2014\/11\/Ekeberga-fj\u00e4ll-selter-225x300.jpg\"  alt=\"Ekeberga fj\u00e4ll selter\" width=\"80%\" height=\"auto\" srcset=\"http:\/\/kulturochkuriosa.se\/butik2\/wp-content\/uploads\/2014\/11\/Ekeberga-fj\u00e4ll-selter-225x300.jpg 225w, http:\/\/kulturochkuriosa.se\/butik2\/wp-content\/uploads\/2014\/11\/Ekeberga-fj\u00e4ll-selter-768x1024.jpg 768w, http:\/\/kulturochkuriosa.se\/butik2\/wp-content\/uploads\/2014\/11\/Ekeberga-fj\u00e4ll-selter.jpg 850w\" sizes=\"(max-width: 225px) 100vw, 225px\" \/><\/a><\/td>\n<\/tr>\n<tr style=\"vertical-align: top; background-color: #d4d4d4;\">\n<td style=\"border: 2px solid #f5f0f0; width: 25%;\">Vin\/\u00f6l, h\u00f6jd 12,5 cm, dia 8,5 cm, pris 200:-.<\/td>\n<td style=\"border: 2px solid #f5f0f0; width: 25%;\">Snaps, h\u00f6jd 9,5 cm, dia 5,5, cm pris 150:-.<\/td>\n<td style=\"border: 2px solid #f5f0f0; width: 25%;\">Grogg, h\u00f6jd 13 cm, dia 8 cm, pris 150:-.<\/td>\n<td style=\"border: 2px solid #f5f0f0; width: 25%;\">Selter\/whisky, h\u00f6jd 8 cm, dia 6 cm, pris 150:-.<\/td>\n<\/tr>\n<tr>\n<td style=\"border: 2px solid #f5f0f0; width: 25%;\"><\/td>\n<td style=\"border: 2px solid #f5f0f0; width: 25%;\"><\/td>\n<td style=\"border: 2px solid #f5f0f0; width: 25%;\"><\/td>\n<td style=\"border: 2px solid #f5f0f0; width: 25%;\"><\/td>\n<\/tr>\n<tr style=\"vertical-align: top; background-color: #d4d4d4;\">\n<td style=\"border: 2px solid #f5f0f0; width: 25%;\"><\/td>\n<td style=\"border: 2px solid #f5f0f0; width: 25%;\"><\/td>\n<td style=\"border: 2px solid #f5f0f0; width: 25%;\"><\/td>\n<td style=\"border: 2px solid #f5f0f0; width: 25%;\"><\/td>\n<\/tr>\n<tr>\n<td style=\"border: 2px solid #f5f0f0; background-color: #444444; width: 25%; text-align: center;\" colspan=\"4\"><span style=\"color: #ffffff;\">S\u00e5lda produkter<br \/>\n<\/span><\/td>\n<\/tr>\n<tr>\n<td style=\"border: 2px solid #f5f0f0; width: 25%;\"><a href=\"http:\/\/kulturochkuriosa.se\/butik2\/wp-content\/uploads\/2014\/11\/calypso-whiskyglas.jpg\" class=\"gallery_colorbox\"><img loading=\"lazy\" class=\"aligncenter size-medium wp-image-456\" src=\"http:\/\/kulturochkuriosa.se\/butik2\/wp-content\/uploads\/2014\/11\/calypso-whiskyglas-300x225.jpg\"  alt=\"calypso whiskyglas\" width=\"100%\" height=\"auto\" srcset=\"http:\/\/kulturochkuriosa.se\/butik2\/wp-content\/uploads\/2014\/11\/calypso-whiskyglas-300x225.jpg 300w, http:\/\/kulturochkuriosa.se\/butik2\/wp-content\/uploads\/2014\/11\/calypso-whiskyglas-1024x768.jpg 1024w, http:\/\/kulturochkuriosa.se\/butik2\/wp-content\/uploads\/2014\/11\/calypso-whiskyglas.jpg 1134w\" sizes=\"(max-width: 300px) 100vw, 300px\" \/><\/a><\/td>\n<td style=\"border: 2px solid #f5f0f0; width: 25%;\"><a href=\"http:\/\/kulturochkuriosa.se\/butik2\/wp-content\/uploads\/2014\/11\/are_madeira_1.jpg\" class=\"gallery_colorbox\"><img loading=\"lazy\" class=\"aligncenter size-medium wp-image-457\" src=\"http:\/\/kulturochkuriosa.se\/butik2\/wp-content\/uploads\/2014\/11\/are_madeira_1-202x300.jpg\"  alt=\"are_madeira_1\" width=\"80%\" height=\"auto\" srcset=\"http:\/\/kulturochkuriosa.se\/butik2\/wp-content\/uploads\/2014\/11\/are_madeira_1-202x300.jpg 202w, http:\/\/kulturochkuriosa.se\/butik2\/wp-content\/uploads\/2014\/11\/are_madeira_1-691x1024.jpg 691w, http:\/\/kulturochkuriosa.se\/butik2\/wp-content\/uploads\/2014\/11\/are_madeira_1.jpg 765w\" sizes=\"(max-width: 202px) 100vw, 202px\" \/><\/a><\/td>\n<td style=\"border: 2px solid #f5f0f0; width: 25%;\"><a href=\"http:\/\/kulturochkuriosa.se\/butik2\/wp-content\/uploads\/2014\/11\/snapsglas-6st-B2082.jpg\" class=\"gallery_colorbox\"><img loading=\"lazy\" class=\"aligncenter size-medium wp-image-730\" src=\"http:\/\/kulturochkuriosa.se\/butik2\/wp-content\/uploads\/2014\/11\/snapsglas-6st-B2082-300x225.jpg\"  alt=\"snapsglas 6st B2082\" width=\"100%\" height=\"auto\" srcset=\"http:\/\/kulturochkuriosa.se\/butik2\/wp-content\/uploads\/2014\/11\/snapsglas-6st-B2082-300x225.jpg 300w, http:\/\/kulturochkuriosa.se\/butik2\/wp-content\/uploads\/2014\/11\/snapsglas-6st-B2082-1024x768.jpg 1024w, http:\/\/kulturochkuriosa.se\/butik2\/wp-content\/uploads\/2014\/11\/snapsglas-6st-B2082.jpg 1134w\" sizes=\"(max-width: 300px) 100vw, 300px\" \/><\/a><\/td>\n<td style=\"border: 2px solid #f5f0f0; width: 25%;\"><a href=\"http:\/\/kulturochkuriosa.se\/butik2\/wp-content\/uploads\/2014\/11\/snapsglas-B2082.jpg\" class=\"gallery_colorbox\"><img loading=\"lazy\" class=\"aligncenter size-medium wp-image-728\" src=\"http:\/\/kulturochkuriosa.se\/butik2\/wp-content\/uploads\/2014\/11\/snapsglas-B2082-225x300.jpg\"  alt=\"snapsglas B2082\" width=\"80%\" height=\"auto\" srcset=\"http:\/\/kulturochkuriosa.se\/butik2\/wp-content\/uploads\/2014\/11\/snapsglas-B2082-225x300.jpg 225w, http:\/\/kulturochkuriosa.se\/butik2\/wp-content\/uploads\/2014\/11\/snapsglas-B2082-768x1024.jpg 768w, http:\/\/kulturochkuriosa.se\/butik2\/wp-content\/uploads\/2014\/11\/snapsglas-B2082.jpg 850w\" sizes=\"(max-width: 225px) 100vw, 225px\" \/><\/a><\/td>\n<\/tr>\n<tr style=\"vertical-align: top; background-color: #d4d4d4;\">\n<td style=\"border: 2px solid #f5f0f0; width: 25%;\">Calypso, Vicke Lindstrand, whisky h\u00f6jd 7 cm, <del>pris 60:-. <\/del><strong>S\u00e5lda.<\/strong><del><br \/>\n<\/del><\/td>\n<td style=\"border: 2px solid #f5f0f0; width: 25%;\">Madeirask\u00e5l ur servisen \u00c5re, helkristall fr\u00e5n 60-talet. H\u00f6jd 8cm, diameter 7,5 cm. <del>Pris 80:-.<\/del> <strong>S\u00e5lda.<\/strong><\/td>\n<td style=\"border: 2px solid #f5f0f0; width: 25%;\" colspan=\"2\">\u00a0\u00a0Fantastiskt snygga glas, helslipade facetter,\u00a0 ovanligt h\u00f6ga snapsglas eller sm\u00e5 champagnestrutar, h\u00f6jd 12,5 cm, dia 4,5 cm. Signerade B2082, <del>pris 1500:- f\u00f6r 6 st.<\/del> <strong>S\u00e5lda.<\/strong><\/td>\n<\/tr>\n<tr>\n<td style=\"border: 2px solid #f5f0f0; width: 25%;\"><a href=\"http:\/\/kulturochkuriosa.se\/butik2\/wp-content\/uploads\/2014\/11\/Ljusbl\u00e5-karaff-med-glas.jpg\" class=\"gallery_colorbox\"><img loading=\"lazy\" class=\"aligncenter size-medium wp-image-452\" src=\"http:\/\/kulturochkuriosa.se\/butik2\/wp-content\/uploads\/2014\/11\/Ljusbl\u00e5-karaff-med-glas-300x225.jpg\"  alt=\"Ljusbl\u00e5 karaff med glas\" width=\"100%\" height=\"auto\" srcset=\"http:\/\/kulturochkuriosa.se\/butik2\/wp-content\/uploads\/2014\/11\/Ljusbl\u00e5-karaff-med-glas-300x225.jpg 300w, http:\/\/kulturochkuriosa.se\/butik2\/wp-content\/uploads\/2014\/11\/Ljusbl\u00e5-karaff-med-glas-1024x768.jpg 1024w, http:\/\/kulturochkuriosa.se\/butik2\/wp-content\/uploads\/2014\/11\/Ljusbl\u00e5-karaff-med-glas.jpg 1134w\" sizes=\"(max-width: 300px) 100vw, 300px\" \/><\/a><\/td>\n<td style=\"border: 2px solid #f5f0f0; width: 25%;\"><\/td>\n<td style=\"border: 2px solid #f5f0f0; width: 25%;\"><\/td>\n<td style=\"border: 2px solid #f5f0f0; width: 25%;\"><\/td>\n<\/tr>\n<tr style=\"vertical-align: top; background-color: #d4d4d4;\">\n<td style=\"border: 2px solid #f5f0f0; width: 25%;\">\u00a0Karaff plus fem grogg\/saftglas, troligen Elis Bergh, <del>pris 500:-.<\/del> <strong>S\u00e5lda.<\/strong><\/td>\n<td style=\"border: 2px solid #f5f0f0; width: 25%;\"><\/td>\n<td style=\"border: 2px solid #f5f0f0; width: 25%;\"><\/td>\n<td style=\"border: 2px solid #f5f0f0; width: 25%;\"><\/td>\n<\/tr>\n<\/tbody>\n<\/table>\n<p>&nbsp;<\/p>\n<div><\/div>\n<div><\/div>\n","protected":false},"excerpt":{"rendered":"<p>Servisglas fr\u00e5n Kosta var under m\u00e5nga \u00e5r synonymt med Elis Bergh, han skapade runt tv\u00e5hundra olika modeller. Senare formgavs serviser av bl.a. Vicke Lindstrand, Ann och G\u00f6ran W\u00e4rff, Sigurd Persson. Vackra trettiotalsglas i en h\u00e4rlig guldgul nyans. Har tyv\u00e4rr inte hittat modellnamnet, men de \u00e4r ju definitivt skapade av Elis Bergh. Vin\/\u00f6l, h\u00f6jd 13 cm, <a href='http:\/\/kulturochkuriosa.se\/butik2\/glas\/kosta\/servisglas\/' class='excerpt-more'>[&#8230;]<\/a><\/p>\n","protected":false},"author":2,"featured_media":0,"parent":72,"menu_order":20,"comment_status":"closed","ping_status":"closed","template":"","meta":[],"_links":{"self":[{"href":"http:\/\/kulturochkuriosa.se\/butik2\/wp-json\/wp\/v2\/pages\/75"}],"collection":[{"href":"http:\/\/kulturochkuriosa.se\/butik2\/wp-json\/wp\/v2\/pages"}],"about":[{"href":"http:\/\/kulturochkuriosa.se\/butik2\/wp-json\/wp\/v2\/types\/page"}],"author":[{"embeddable":true,"href":"http:\/\/kulturochkuriosa.se\/butik2\/wp-json\/wp\/v2\/users\/2"}],"replies":[{"embeddable":true,"href":"http:\/\/kulturochkuriosa.se\/butik2\/wp-json\/wp\/v2\/comments?post=75"}],"version-history":[{"count":22,"href":"http:\/\/kulturochkuriosa.se\/butik2\/wp-json\/wp\/v2\/pages\/75\/revisions"}],"predecessor-version":[{"id":1118,"href":"http:\/\/kulturochkuriosa.se\/butik2\/wp-json\/wp\/v2\/pages\/75\/revisions\/1118"}],"up":[{"embeddable":true,"href":"http:\/\/kulturochkuriosa.se\/butik2\/wp-json\/wp\/v2\/pages\/72"}],"wp:attachment":[{"href":"http:\/\/kulturochkuriosa.se\/butik2\/wp-json\/wp\/v2\/media?parent=75"}],"curies":[{"name":"wp","href":"https:\/\/api.w.org\/{rel}","templated":true}]}}