{"id":687,"date":"2015-03-31T11:02:52","date_gmt":"2015-03-31T09:02:52","guid":{"rendered":"http:\/\/kulturochkuriosa.se\/butik2\/?page_id=687"},"modified":"2015-03-31T11:15:37","modified_gmt":"2015-03-31T09:15:37","slug":"belysning","status":"publish","type":"page","link":"http:\/\/kulturochkuriosa.se\/butik2\/ovrigt\/belysning\/","title":{"rendered":"Belysning"},"content":{"rendered":"<p>Som regel finns ett antal lampor i lager, fr\u00e4mst klassiska modeller fr\u00e5n 30- till 70-talet. St\u00f6rre lampor skickas inte, de f\u00e5r h\u00e4mtas i butiken.<\/p>\n<table style=\"height: auto; background-color: #b4b4b4; width: 100%;\">\n<tbody>\n<tr>\n<td style=\"border: 2px solid #f5f0f0; width: 25%;\"><\/td>\n<td style=\"border: 2px solid #f5f0f0; width: 25%;\"><\/td>\n<td style=\"border: 2px solid #f5f0f0; width: 25%;\"><\/td>\n<td style=\"border: 2px solid #f5f0f0; width: 25%;\"><\/td>\n<\/tr>\n<tr style=\"vertical-align: top; background-color: #d4d4d4;\">\n<td style=\"border: 2px solid #f5f0f0; width: 25%;\"><\/td>\n<td style=\"border: 2px solid #f5f0f0; width: 25%;\"><\/td>\n<td style=\"border: 2px solid #f5f0f0; width: 25%;\"><\/td>\n<td style=\"border: 2px solid #f5f0f0; width: 25%;\"><\/td>\n<\/tr>\n<\/tbody>\n<\/table>\n<p>&nbsp;<\/p>\n","protected":false},"excerpt":{"rendered":"<p>Som regel finns ett antal lampor i lager, fr\u00e4mst klassiska modeller fr\u00e5n 30- till 70-talet. St\u00f6rre lampor skickas inte, de f\u00e5r h\u00e4mtas i butiken. &nbsp;<\/p>\n","protected":false},"author":2,"featured_media":0,"parent":684,"menu_order":20,"comment_status":"closed","ping_status":"closed","template":"","meta":[],"_links":{"self":[{"href":"http:\/\/kulturochkuriosa.se\/butik2\/wp-json\/wp\/v2\/pages\/687"}],"collection":[{"href":"http:\/\/kulturochkuriosa.se\/butik2\/wp-json\/wp\/v2\/pages"}],"about":[{"href":"http:\/\/kulturochkuriosa.se\/butik2\/wp-json\/wp\/v2\/types\/page"}],"author":[{"embeddable":true,"href":"http:\/\/kulturochkuriosa.se\/butik2\/wp-json\/wp\/v2\/users\/2"}],"replies":[{"embeddable":true,"href":"http:\/\/kulturochkuriosa.se\/butik2\/wp-json\/wp\/v2\/comments?post=687"}],"version-history":[{"count":3,"href":"http:\/\/kulturochkuriosa.se\/butik2\/wp-json\/wp\/v2\/pages\/687\/revisions"}],"predecessor-version":[{"id":700,"href":"http:\/\/kulturochkuriosa.se\/butik2\/wp-json\/wp\/v2\/pages\/687\/revisions\/700"}],"up":[{"embeddable":true,"href":"http:\/\/kulturochkuriosa.se\/butik2\/wp-json\/wp\/v2\/pages\/684"}],"wp:attachment":[{"href":"http:\/\/kulturochkuriosa.se\/butik2\/wp-json\/wp\/v2\/media?parent=687"}],"curies":[{"name":"wp","href":"https:\/\/api.w.org\/{rel}","templated":true}]}}