{"id":662,"date":"2015-03-24T11:18:18","date_gmt":"2015-03-24T10:18:18","guid":{"rendered":"http:\/\/kulturochkuriosa.se\/butik2\/?page_id=662"},"modified":"2015-04-09T16:54:42","modified_gmt":"2015-04-09T14:54:42","slug":"malat-glas","status":"publish","type":"page","link":"http:\/\/kulturochkuriosa.se\/butik2\/glas\/aldre-anonymt\/malat-glas\/","title":{"rendered":"M\u00e5lat glas"},"content":{"rendered":"<p>Det finns m\u00e4ngder av motiv, t.ex. \u201dMary Gregory\u201d, allts\u00e5 lekande barn, blommor, landskap, kurbits och annat.<\/p>\n<table style=\"height: auto; background-color: #b4b4b4; width: 100%;\">\n<tbody>\n<tr>\n<td style=\"border: 2px solid #f5f0f0; width: 25%;\"><a href=\"http:\/\/kulturochkuriosa.se\/butik2\/wp-content\/uploads\/2015\/03\/flaska-eda-limmared-1.jpg\" class=\"gallery_colorbox\"><img loading=\"lazy\" class=\"aligncenter size-medium wp-image-667\" src=\"http:\/\/kulturochkuriosa.se\/butik2\/wp-content\/uploads\/2015\/03\/flaska-eda-limmared-1-225x300.jpg\"  alt=\"flaska eda-limmared-1\" width=\"80%\" height=\"auto\" srcset=\"http:\/\/kulturochkuriosa.se\/butik2\/wp-content\/uploads\/2015\/03\/flaska-eda-limmared-1-225x300.jpg 225w, http:\/\/kulturochkuriosa.se\/butik2\/wp-content\/uploads\/2015\/03\/flaska-eda-limmared-1-768x1024.jpg 768w, http:\/\/kulturochkuriosa.se\/butik2\/wp-content\/uploads\/2015\/03\/flaska-eda-limmared-1.jpg 850w\" sizes=\"(max-width: 225px) 100vw, 225px\" \/><\/a><\/td>\n<td style=\"border: 2px solid #f5f0f0; width: 25%;\"><a href=\"http:\/\/kulturochkuriosa.se\/butik2\/wp-content\/uploads\/2015\/03\/karaff-med-glas-f\u00e5gel.jpg\" class=\"gallery_colorbox\"><img loading=\"lazy\" class=\"aligncenter size-medium wp-image-744\" src=\"http:\/\/kulturochkuriosa.se\/butik2\/wp-content\/uploads\/2015\/03\/karaff-med-glas-f\u00e5gel-225x300.jpg\"  alt=\"karaff med glas f\u00e5gel\" width=\"80%\" height=\"auto\" srcset=\"http:\/\/kulturochkuriosa.se\/butik2\/wp-content\/uploads\/2015\/03\/karaff-med-glas-f\u00e5gel-225x300.jpg 225w, http:\/\/kulturochkuriosa.se\/butik2\/wp-content\/uploads\/2015\/03\/karaff-med-glas-f\u00e5gel-768x1024.jpg 768w, http:\/\/kulturochkuriosa.se\/butik2\/wp-content\/uploads\/2015\/03\/karaff-med-glas-f\u00e5gel.jpg 850w\" sizes=\"(max-width: 225px) 100vw, 225px\" \/><\/a><\/td>\n<td style=\"border: 2px solid #f5f0f0; width: 25%;\"><a href=\"http:\/\/kulturochkuriosa.se\/butik2\/wp-content\/uploads\/2015\/03\/liten-kanna-och-glas.jpg\" class=\"gallery_colorbox\"><img loading=\"lazy\" class=\"aligncenter size-medium wp-image-745\" src=\"http:\/\/kulturochkuriosa.se\/butik2\/wp-content\/uploads\/2015\/03\/liten-kanna-och-glas-300x225.jpg\"  alt=\"liten kanna och glas\" width=\"100%\" height=\"auto\" srcset=\"http:\/\/kulturochkuriosa.se\/butik2\/wp-content\/uploads\/2015\/03\/liten-kanna-och-glas-300x225.jpg 300w, http:\/\/kulturochkuriosa.se\/butik2\/wp-content\/uploads\/2015\/03\/liten-kanna-och-glas-1024x768.jpg 1024w, http:\/\/kulturochkuriosa.se\/butik2\/wp-content\/uploads\/2015\/03\/liten-kanna-och-glas.jpg 1134w\" sizes=\"(max-width: 300px) 100vw, 300px\" \/><\/a><\/td>\n<td style=\"border: 2px solid #f5f0f0; width: 25%;\"><\/td>\n<\/tr>\n<tr style=\"vertical-align: top; background-color: #d4d4d4;\">\n<td style=\"border: 2px solid #f5f0f0; width: 25%;\">\u00a0Trevligt dekorerad br\u00e4nnvinsflaska, troligen Eda eller Limmared. Pris 300:-.<\/td>\n<td style=\"border: 2px solid #f5f0f0; width: 25%;\">\u00a0Vattenkaraff med tillh\u00f6rande glas, emaljm\u00e5lad med r\u00f6dhake som dekor. Karaffens h\u00f6jd 18,5 cm, glaset 10 cm, pris 500:-.<\/td>\n<td style=\"border: 2px solid #f5f0f0; width: 25%;\">\u00a0Liten emaljm\u00e5lad kanna med tillh\u00f6rande glas. Kannans h\u00f6jd 13,5 cm, glaset 7,5 cm, pris 350:-.<\/td>\n<td style=\"border: 2px solid #f5f0f0; width: 25%;\"><\/td>\n<\/tr>\n<\/tbody>\n<\/table>\n<p>&nbsp;<\/p>\n","protected":false},"excerpt":{"rendered":"<p>Det finns m\u00e4ngder av motiv, t.ex. \u201dMary Gregory\u201d, allts\u00e5 lekande barn, blommor, landskap, kurbits och annat. \u00a0Trevligt dekorerad br\u00e4nnvinsflaska, troligen Eda eller Limmared. Pris 300:-. \u00a0Vattenkaraff med tillh\u00f6rande glas, emaljm\u00e5lad med r\u00f6dhake som dekor. Karaffens h\u00f6jd 18,5 cm, glaset 10 cm, pris 500:-. \u00a0Liten emaljm\u00e5lad kanna med tillh\u00f6rande glas. Kannans h\u00f6jd 13,5 cm, glaset 7,5 <a href='http:\/\/kulturochkuriosa.se\/butik2\/glas\/aldre-anonymt\/malat-glas\/' class='excerpt-more'>[&#8230;]<\/a><\/p>\n","protected":false},"author":2,"featured_media":0,"parent":99,"menu_order":80,"comment_status":"closed","ping_status":"closed","template":"","meta":[],"_links":{"self":[{"href":"http:\/\/kulturochkuriosa.se\/butik2\/wp-json\/wp\/v2\/pages\/662"}],"collection":[{"href":"http:\/\/kulturochkuriosa.se\/butik2\/wp-json\/wp\/v2\/pages"}],"about":[{"href":"http:\/\/kulturochkuriosa.se\/butik2\/wp-json\/wp\/v2\/types\/page"}],"author":[{"embeddable":true,"href":"http:\/\/kulturochkuriosa.se\/butik2\/wp-json\/wp\/v2\/users\/2"}],"replies":[{"embeddable":true,"href":"http:\/\/kulturochkuriosa.se\/butik2\/wp-json\/wp\/v2\/comments?post=662"}],"version-history":[{"count":4,"href":"http:\/\/kulturochkuriosa.se\/butik2\/wp-json\/wp\/v2\/pages\/662\/revisions"}],"predecessor-version":[{"id":746,"href":"http:\/\/kulturochkuriosa.se\/butik2\/wp-json\/wp\/v2\/pages\/662\/revisions\/746"}],"up":[{"embeddable":true,"href":"http:\/\/kulturochkuriosa.se\/butik2\/wp-json\/wp\/v2\/pages\/99"}],"wp:attachment":[{"href":"http:\/\/kulturochkuriosa.se\/butik2\/wp-json\/wp\/v2\/media?parent=662"}],"curies":[{"name":"wp","href":"https:\/\/api.w.org\/{rel}","templated":true}]}}

Målat glas

<p>Det finns mängder av motiv, t.ex. ”Mary Gregory”, alltså lekande barn, blommor, landskap, kurbits och annat.</p>
<table style="height: auto; background-color: #b4b4b4; width: 100%;">
<tbody>
<tr>
<td style="border: 2px solid #f5f0f0; width: 25%;"><a href="http://kulturochkuriosa.se/butik2/wp-content/uploads/2015/03/flaska-eda-limmared-1.jpg" class="gallery_colorbox"><img loading="lazy" class="aligncenter size-medium wp-image-667" src="http://kulturochkuriosa.se/butik2/wp-content/uploads/2015/03/flaska-eda-limmared-1-225x300.jpg"  alt="flaska eda-limmared-1" width="80%" height="auto" srcset="http://kulturochkuriosa.se/butik2/wp-content/uploads/2015/03/flaska-eda-limmared-1-225x300.jpg 225w, http://kulturochkuriosa.se/butik2/wp-content/uploads/2015/03/flaska-eda-limmared-1-768x1024.jpg 768w, http://kulturochkuriosa.se/butik2/wp-content/uploads/2015/03/flaska-eda-limmared-1.jpg 850w" sizes="(max-width: 225px) 100vw, 225px" /></a></td>
<td style="border: 2px solid #f5f0f0; width: 25%;"><a href="http://kulturochkuriosa.se/butik2/wp-content/uploads/2015/03/karaff-med-glas-fågel.jpg" class="gallery_colorbox"><img loading="lazy" class="aligncenter size-medium wp-image-744" src="http://kulturochkuriosa.se/butik2/wp-content/uploads/2015/03/karaff-med-glas-fågel-225x300.jpg"  alt="karaff med glas fågel" width="80%" height="auto" srcset="http://kulturochkuriosa.se/butik2/wp-content/uploads/2015/03/karaff-med-glas-fågel-225x300.jpg 225w, http://kulturochkuriosa.se/butik2/wp-content/uploads/2015/03/karaff-med-glas-fågel-768x1024.jpg 768w, http://kulturochkuriosa.se/butik2/wp-content/uploads/2015/03/karaff-med-glas-fågel.jpg 850w" sizes="(max-width: 225px) 100vw, 225px" /></a></td>
<td style="border: 2px solid #f5f0f0; width: 25%;"><a href="http://kulturochkuriosa.se/butik2/wp-content/uploads/2015/03/liten-kanna-och-glas.jpg" class="gallery_colorbox"><img loading="lazy" class="aligncenter size-medium wp-image-745" src="http://kulturochkuriosa.se/butik2/wp-content/uploads/2015/03/liten-kanna-och-glas-300x225.jpg"  alt="liten kanna och glas" width="100%" height="auto" srcset="http://kulturochkuriosa.se/butik2/wp-content/uploads/2015/03/liten-kanna-och-glas-300x225.jpg 300w, http://kulturochkuriosa.se/butik2/wp-content/uploads/2015/03/liten-kanna-och-glas-1024x768.jpg 1024w, http://kulturochkuriosa.se/butik2/wp-content/uploads/2015/03/liten-kanna-och-glas.jpg 1134w" sizes="(max-width: 300px) 100vw, 300px" /></a></td>
<td style="border: 2px solid #f5f0f0; width: 25%;"></td>
</tr>
<tr style="vertical-align: top; background-color: #d4d4d4;">
<td style="border: 2px solid #f5f0f0; width: 25%;"> Trevligt dekorerad brännvinsflaska, troligen Eda eller Limmared. Pris 300:-.</td>
<td style="border: 2px solid #f5f0f0; width: 25%;"> Vattenkaraff med tillhörande glas, emaljmålad med rödhake som dekor. Karaffens höjd 18,5 cm, glaset 10 cm, pris 500:-.</td>
<td style="border: 2px solid #f5f0f0; width: 25%;"> Liten emaljmålad kanna med tillhörande glas. Kannans höjd 13,5 cm, glaset 7,5 cm, pris 350:-.</td>
<td style="border: 2px solid #f5f0f0; width: 25%;"></td>
</tr>
</tbody>
</table>
<p>&nbsp;</p>

<p>Det finns mängder av motiv, t.ex. ”Mary Gregory”, alltså lekande barn, blommor, landskap, kurbits och annat.  Trevligt dekorerad brännvinsflaska, troligen Eda eller Limmared. Pris 300:-.  Vattenkaraff med tillhörande glas, emaljmålad med rödhake som dekor. Karaffens höjd 18,5 cm, glaset 10 cm, pris 500:-.  Liten emaljmålad kanna med tillhörande glas. Kannans höjd 13,5 cm, glaset 7,5 <a href='http://kulturochkuriosa.se/butik2/glas/aldre-anonymt/malat-glas/' class='excerpt-more'>[&#8230;]</a></p>
