{"id":570,"date":"2015-02-24T16:24:06","date_gmt":"2015-02-24T15:24:06","guid":{"rendered":"http:\/\/kulturochkuriosa.se\/butik2\/?page_id=570"},"modified":"2016-03-03T17:33:42","modified_gmt":"2016-03-03T16:33:42","slug":"sandvik","status":"publish","type":"page","link":"http:\/\/kulturochkuriosa.se\/butik2\/glas\/sandvik\/","title":{"rendered":"Sandvik"},"content":{"rendered":"<p>Sandviks glasbruk i Hovmantorp grundades 1889, det bytte \u00e4gare n\u00e5gra g\u00e5nger innan Edvard Str\u00f6mberg k\u00f6pte bruket 1905. 1918 k\u00f6ptes bruket av Orrefors och fungerade som dotterbolag fram till nedl\u00e4ggningen 2004. Man tillverkade m\u00e5nga serviser med Orrefors varum\u00e4rke, det som listas h\u00e4r \u00e4r mestadels \u00e4ldre modeller som fanns i de separata Sandvikskatalogerna.<\/p>\n<p>Bland formgivarna m\u00e4rks naturligtvis Gate och Hald i f\u00f6rsta hand.<\/p>\n<table style=\"height: auto; background-color: #b4b4b4; width: 100%;\">\n<tbody>\n<tr>\n<td style=\"border: 2px solid #f5f0f0; width: 25%;\"><a href=\"http:\/\/kulturochkuriosa.se\/butik2\/wp-content\/uploads\/2015\/02\/sk\u00e5l-h551-1.jpg\" class=\"gallery_colorbox\"><img loading=\"lazy\" class=\"aligncenter size-medium wp-image-672\" src=\"http:\/\/kulturochkuriosa.se\/butik2\/wp-content\/uploads\/2015\/02\/sk\u00e5l-h551-1-300x225.jpg\"  alt=\"sk\u00e5l h551-1\" width=\"100%\" height=\"auto\" srcset=\"http:\/\/kulturochkuriosa.se\/butik2\/wp-content\/uploads\/2015\/02\/sk\u00e5l-h551-1-300x225.jpg 300w, http:\/\/kulturochkuriosa.se\/butik2\/wp-content\/uploads\/2015\/02\/sk\u00e5l-h551-1-1024x768.jpg 1024w, http:\/\/kulturochkuriosa.se\/butik2\/wp-content\/uploads\/2015\/02\/sk\u00e5l-h551-1.jpg 1134w\" sizes=\"(max-width: 300px) 100vw, 300px\" \/><\/a><\/td>\n<td style=\"border: 2px solid #f5f0f0; width: 25%;\"><\/td>\n<td style=\"border: 2px solid #f5f0f0; width: 25%;\"><\/td>\n<td style=\"border: 2px solid #f5f0f0; width: 25%;\"><\/td>\n<\/tr>\n<tr style=\"vertical-align: top; background-color: #d4d4d4;\">\n<td style=\"border: 2px solid #f5f0f0; width: 25%;\">Sk\u00e5l med omvikt kant, H551, formgiven av Edvard Hald. H\u00f6jd 10,5 cm, dia 19,5 cm, pris 400:-.<\/td>\n<td style=\"border: 2px solid #f5f0f0; width: 25%;\"><\/td>\n<td style=\"border: 2px solid #f5f0f0; width: 25%;\"><\/td>\n<td style=\"border: 2px solid #f5f0f0; width: 25%;\"><\/td>\n<\/tr>\n<\/tbody>\n<\/table>\n<p>&nbsp;<\/p>\n","protected":false},"excerpt":{"rendered":"<p>Sandviks glasbruk i Hovmantorp grundades 1889, det bytte \u00e4gare n\u00e5gra g\u00e5nger innan Edvard Str\u00f6mberg k\u00f6pte bruket 1905. 1918 k\u00f6ptes bruket av Orrefors och fungerade som dotterbolag fram till nedl\u00e4ggningen 2004. Man tillverkade m\u00e5nga serviser med Orrefors varum\u00e4rke, det som listas h\u00e4r \u00e4r mestadels \u00e4ldre modeller som fanns i de separata Sandvikskatalogerna. Bland formgivarna m\u00e4rks naturligtvis <a href='http:\/\/kulturochkuriosa.se\/butik2\/glas\/sandvik\/' class='excerpt-more'>[&#8230;]<\/a><\/p>\n","protected":false},"author":2,"featured_media":0,"parent":5,"menu_order":620,"comment_status":"closed","ping_status":"closed","template":"","meta":[],"_links":{"self":[{"href":"http:\/\/kulturochkuriosa.se\/butik2\/wp-json\/wp\/v2\/pages\/570"}],"collection":[{"href":"http:\/\/kulturochkuriosa.se\/butik2\/wp-json\/wp\/v2\/pages"}],"about":[{"href":"http:\/\/kulturochkuriosa.se\/butik2\/wp-json\/wp\/v2\/types\/page"}],"author":[{"embeddable":true,"href":"http:\/\/kulturochkuriosa.se\/butik2\/wp-json\/wp\/v2\/users\/2"}],"replies":[{"embeddable":true,"href":"http:\/\/kulturochkuriosa.se\/butik2\/wp-json\/wp\/v2\/comments?post=570"}],"version-history":[{"count":8,"href":"http:\/\/kulturochkuriosa.se\/butik2\/wp-json\/wp\/v2\/pages\/570\/revisions"}],"predecessor-version":[{"id":972,"href":"http:\/\/kulturochkuriosa.se\/butik2\/wp-json\/wp\/v2\/pages\/570\/revisions\/972"}],"up":[{"embeddable":true,"href":"http:\/\/kulturochkuriosa.se\/butik2\/wp-json\/wp\/v2\/pages\/5"}],"wp:attachment":[{"href":"http:\/\/kulturochkuriosa.se\/butik2\/wp-json\/wp\/v2\/media?parent=570"}],"curies":[{"name":"wp","href":"https:\/\/api.w.org\/{rel}","templated":true}]}}