{"id":539,"date":"2015-02-23T11:03:11","date_gmt":"2015-02-23T10:03:11","guid":{"rendered":"http:\/\/kulturochkuriosa.se\/butik2\/?page_id=539"},"modified":"2017-02-17T14:31:38","modified_gmt":"2017-02-17T13:31:38","slug":"konstglas","status":"publish","type":"page","link":"http:\/\/kulturochkuriosa.se\/butik2\/glas\/reijmyre\/konstglas\/","title":{"rendered":"Konstglas"},"content":{"rendered":"<p>H\u00e4r finns fr\u00e4mst Monica Bratt, men \u00e4ven Bj\u00f6rn Tr\u00e4dg\u00e5rd, Paul Kedelv och andra.<\/p>\n<table style=\"height: auto; background-color: #b4b4b4; width: 100%;\">\n<tbody>\n<tr>\n<td style=\"border: 2px solid #f5f0f0; width: 25%;\"><a href=\"http:\/\/kulturochkuriosa.se\/butik2\/wp-content\/uploads\/2015\/02\/skyltning.jpg\" class=\"gallery_colorbox\"><img loading=\"lazy\" class=\"aligncenter size-medium wp-image-542\" src=\"http:\/\/kulturochkuriosa.se\/butik2\/wp-content\/uploads\/2015\/02\/skyltning-300x225.jpg\"  alt=\"skyltning\" width=\"100%\" height=\"auto\" srcset=\"http:\/\/kulturochkuriosa.se\/butik2\/wp-content\/uploads\/2015\/02\/skyltning-300x225.jpg 300w, http:\/\/kulturochkuriosa.se\/butik2\/wp-content\/uploads\/2015\/02\/skyltning-1024x768.jpg 1024w, http:\/\/kulturochkuriosa.se\/butik2\/wp-content\/uploads\/2015\/02\/skyltning.jpg 1134w\" sizes=\"(max-width: 300px) 100vw, 300px\" \/><\/a><\/td>\n<td style=\"border: 2px solid #f5f0f0; width: 25%;\"><a href=\"http:\/\/kulturochkuriosa.se\/butik2\/wp-content\/uploads\/2015\/02\/ljuslytor-r\u00f6d-och-gr\u00f6n.jpg\" class=\"gallery_colorbox\"><img loading=\"lazy\" class=\"aligncenter size-medium wp-image-655\" src=\"http:\/\/kulturochkuriosa.se\/butik2\/wp-content\/uploads\/2015\/02\/ljuslytor-r\u00f6d-och-gr\u00f6n-300x225.jpg\"  alt=\"ljuslytor r\u00f6d och gr\u00f6n\" width=\"100%\" height=\"auto\" srcset=\"http:\/\/kulturochkuriosa.se\/butik2\/wp-content\/uploads\/2015\/02\/ljuslytor-r\u00f6d-och-gr\u00f6n-300x225.jpg 300w, http:\/\/kulturochkuriosa.se\/butik2\/wp-content\/uploads\/2015\/02\/ljuslytor-r\u00f6d-och-gr\u00f6n-1024x768.jpg 1024w, http:\/\/kulturochkuriosa.se\/butik2\/wp-content\/uploads\/2015\/02\/ljuslytor-r\u00f6d-och-gr\u00f6n.jpg 1134w\" sizes=\"(max-width: 300px) 100vw, 300px\" \/><\/a><\/td>\n<td style=\"border: 2px solid #f5f0f0; width: 25%;\"><a href=\"http:\/\/kulturochkuriosa.se\/butik2\/wp-content\/uploads\/2015\/02\/ljusstakar-H101-bl\u00e5-och-gr\u00f6na.jpg\" class=\"gallery_colorbox\"><img loading=\"lazy\" class=\"aligncenter size-medium wp-image-1103\" src=\"http:\/\/kulturochkuriosa.se\/butik2\/wp-content\/uploads\/2015\/02\/ljusstakar-H101-bl\u00e5-och-gr\u00f6na-300x225.jpg\"  alt=\"\" width=\"100%\" height=\"auto\" srcset=\"http:\/\/kulturochkuriosa.se\/butik2\/wp-content\/uploads\/2015\/02\/ljusstakar-H101-bl\u00e5-och-gr\u00f6na-300x225.jpg 300w, http:\/\/kulturochkuriosa.se\/butik2\/wp-content\/uploads\/2015\/02\/ljusstakar-H101-bl\u00e5-och-gr\u00f6na-768x576.jpg 768w, http:\/\/kulturochkuriosa.se\/butik2\/wp-content\/uploads\/2015\/02\/ljusstakar-H101-bl\u00e5-och-gr\u00f6na-1024x768.jpg 1024w, http:\/\/kulturochkuriosa.se\/butik2\/wp-content\/uploads\/2015\/02\/ljusstakar-H101-bl\u00e5-och-gr\u00f6na.jpg 1134w\" sizes=\"(max-width: 300px) 100vw, 300px\" \/><\/a><\/td>\n<td style=\"border: 2px solid #f5f0f0; width: 25%;\"><a href=\"http:\/\/kulturochkuriosa.se\/butik2\/wp-content\/uploads\/2015\/02\/sk\u00e5lar-B328-bonbonj\u00e4r-B320-uranglas.jpg\" class=\"gallery_colorbox\"><img loading=\"lazy\" class=\"aligncenter size-medium wp-image-1104\" src=\"http:\/\/kulturochkuriosa.se\/butik2\/wp-content\/uploads\/2015\/02\/sk\u00e5lar-B328-bonbonj\u00e4r-B320-uranglas-300x225.jpg\"  alt=\"\" width=\"100%\" height=\"auto\" srcset=\"http:\/\/kulturochkuriosa.se\/butik2\/wp-content\/uploads\/2015\/02\/sk\u00e5lar-B328-bonbonj\u00e4r-B320-uranglas-300x225.jpg 300w, http:\/\/kulturochkuriosa.se\/butik2\/wp-content\/uploads\/2015\/02\/sk\u00e5lar-B328-bonbonj\u00e4r-B320-uranglas-768x576.jpg 768w, http:\/\/kulturochkuriosa.se\/butik2\/wp-content\/uploads\/2015\/02\/sk\u00e5lar-B328-bonbonj\u00e4r-B320-uranglas-1024x768.jpg 1024w, http:\/\/kulturochkuriosa.se\/butik2\/wp-content\/uploads\/2015\/02\/sk\u00e5lar-B328-bonbonj\u00e4r-B320-uranglas.jpg 1134w\" sizes=\"(max-width: 300px) 100vw, 300px\" \/><\/a><\/td>\n<\/tr>\n<tr style=\"vertical-align: top; background-color: #d4d4d4;\">\n<td style=\"border: 2px solid #f5f0f0; width: 25%;\">Det mesta av detta \u00e4r s\u00e5lt, men det brukar alltid finna n\u00e5got av Monica Bratt i butiken.<\/td>\n<td style=\"border: 2px solid #f5f0f0; width: 25%;\">\u00a0Ljuslyktor i en lite st\u00f6rre modell med slipad dekor, h\u00f6jd 12 cm, pris 200:- per styck. <strong>Den bl\u00e5gr\u00f6na \u00e4r s\u00e5ld.<\/strong><\/td>\n<td style=\"border: 2px solid #f5f0f0; width: 25%;\">\u00a0Ljusstakar H101, finns f\u00f6r tillf\u00e4llet i bl\u00e5tt och gr\u00f6nt. H\u00f6jd 11 cm, pris 350:- f\u00f6r ett par.<\/td>\n<td style=\"border: 2px solid #f5f0f0; width: 25%;\">\u00a0Sk\u00e5lar och bonbonj\u00e4r i uranglas, formgivna av Monica Bratt.<br \/>\nSk\u00e5lar B328, h\u00f6jd 12 cm, pris 400:- per styck, bonbonj\u00e4r B320, pris 500:-.<\/td>\n<\/tr>\n<tr>\n<td style=\"border: 2px solid #f5f0f0; background-color: #444444; width: 25%; text-align: center;\" colspan=\"4\"><span style=\"color: #ffffff;\">S\u00e5lda produkter<br \/>\n<\/span><\/td>\n<\/tr>\n<tr>\n<td style=\"border: 2px solid #f5f0f0; width: 25%;\"><a href=\"http:\/\/kulturochkuriosa.se\/butik2\/wp-content\/uploads\/2015\/02\/r\u00f6d-sk\u00e5l-T66.jpg\" class=\"gallery_colorbox\"><img loading=\"lazy\" class=\"aligncenter size-medium wp-image-758\" src=\"http:\/\/kulturochkuriosa.se\/butik2\/wp-content\/uploads\/2015\/02\/r\u00f6d-sk\u00e5l-T66-300x225.jpg\"  alt=\"r\u00f6d sk\u00e5l T66\" width=\"100%\" height=\"auto\" srcset=\"http:\/\/kulturochkuriosa.se\/butik2\/wp-content\/uploads\/2015\/02\/r\u00f6d-sk\u00e5l-T66-300x225.jpg 300w, http:\/\/kulturochkuriosa.se\/butik2\/wp-content\/uploads\/2015\/02\/r\u00f6d-sk\u00e5l-T66-1024x768.jpg 1024w, http:\/\/kulturochkuriosa.se\/butik2\/wp-content\/uploads\/2015\/02\/r\u00f6d-sk\u00e5l-T66.jpg 1134w\" sizes=\"(max-width: 300px) 100vw, 300px\" \/><\/a><\/td>\n<td style=\"border: 2px solid #f5f0f0; width: 25%;\"><a href=\"http:\/\/kulturochkuriosa.se\/butik2\/wp-content\/uploads\/2015\/02\/bl\u00e5-vas-B178.jpg\" class=\"gallery_colorbox\"><img loading=\"lazy\" class=\"aligncenter size-medium wp-image-759\" src=\"http:\/\/kulturochkuriosa.se\/butik2\/wp-content\/uploads\/2015\/02\/bl\u00e5-vas-B178-225x300.jpg\"  alt=\"bl\u00e5 vas B178\" width=\"80%\" height=\"auto\" srcset=\"http:\/\/kulturochkuriosa.se\/butik2\/wp-content\/uploads\/2015\/02\/bl\u00e5-vas-B178-225x300.jpg 225w, http:\/\/kulturochkuriosa.se\/butik2\/wp-content\/uploads\/2015\/02\/bl\u00e5-vas-B178-768x1024.jpg 768w, http:\/\/kulturochkuriosa.se\/butik2\/wp-content\/uploads\/2015\/02\/bl\u00e5-vas-B178.jpg 850w\" sizes=\"(max-width: 225px) 100vw, 225px\" \/><\/a><\/td>\n<td style=\"border: 2px solid #f5f0f0; width: 25%;\"><\/td>\n<td style=\"border: 2px solid #f5f0f0; width: 25%;\"><\/td>\n<\/tr>\n<tr style=\"vertical-align: top; background-color: #d4d4d4;\">\n<td style=\"border: 2px solid #f5f0f0; width: 25%;\">Ovanlig sk\u00e5l T66 formgiven av Bj\u00f6rn Tr\u00e4g\u00e5rdh. H\u00f6jd 10,5 cm, dia 15,5 cm som mest,<del> pris 400:-.<\/del> <strong>S\u00e5ld.<\/strong><\/td>\n<td style=\"border: 2px solid #f5f0f0; width: 25%;\">\u00a0Vas B178 av Monica Bratt, h\u00f6jd 20,5 cm, <del>pris 400:-<\/del>. <strong>S\u00e5ld.<\/strong><\/td>\n<td style=\"border: 2px solid #f5f0f0; width: 25%;\"><\/td>\n<td style=\"border: 2px solid #f5f0f0; width: 25%;\"><\/td>\n<\/tr>\n<\/tbody>\n<\/table>\n<p>&nbsp;<\/p>\n","protected":false},"excerpt":{"rendered":"<p>H\u00e4r finns fr\u00e4mst Monica Bratt, men \u00e4ven Bj\u00f6rn Tr\u00e4dg\u00e5rd, Paul Kedelv och andra. Det mesta av detta \u00e4r s\u00e5lt, men det brukar alltid finna n\u00e5got av Monica Bratt i butiken. \u00a0Ljuslyktor i en lite st\u00f6rre modell med slipad dekor, h\u00f6jd 12 cm, pris 200:- per styck. Den bl\u00e5gr\u00f6na \u00e4r s\u00e5ld. \u00a0Ljusstakar H101, finns f\u00f6r tillf\u00e4llet <a href='http:\/\/kulturochkuriosa.se\/butik2\/glas\/reijmyre\/konstglas\/' class='excerpt-more'>[&#8230;]<\/a><\/p>\n","protected":false},"author":2,"featured_media":0,"parent":469,"menu_order":50,"comment_status":"closed","ping_status":"closed","template":"","meta":[],"_links":{"self":[{"href":"http:\/\/kulturochkuriosa.se\/butik2\/wp-json\/wp\/v2\/pages\/539"}],"collection":[{"href":"http:\/\/kulturochkuriosa.se\/butik2\/wp-json\/wp\/v2\/pages"}],"about":[{"href":"http:\/\/kulturochkuriosa.se\/butik2\/wp-json\/wp\/v2\/types\/page"}],"author":[{"embeddable":true,"href":"http:\/\/kulturochkuriosa.se\/butik2\/wp-json\/wp\/v2\/users\/2"}],"replies":[{"embeddable":true,"href":"http:\/\/kulturochkuriosa.se\/butik2\/wp-json\/wp\/v2\/comments?post=539"}],"version-history":[{"count":9,"href":"http:\/\/kulturochkuriosa.se\/butik2\/wp-json\/wp\/v2\/pages\/539\/revisions"}],"predecessor-version":[{"id":1105,"href":"http:\/\/kulturochkuriosa.se\/butik2\/wp-json\/wp\/v2\/pages\/539\/revisions\/1105"}],"up":[{"embeddable":true,"href":"http:\/\/kulturochkuriosa.se\/butik2\/wp-json\/wp\/v2\/pages\/469"}],"wp:attachment":[{"href":"http:\/\/kulturochkuriosa.se\/butik2\/wp-json\/wp\/v2\/media?parent=539"}],"curies":[{"name":"wp","href":"https:\/\/api.w.org\/{rel}","templated":true}]}}