{"id":477,"date":"2015-02-09T11:58:34","date_gmt":"2015-02-09T10:58:34","guid":{"rendered":"http:\/\/kulturochkuriosa.se\/butik2\/?page_id=477"},"modified":"2016-02-05T16:02:05","modified_gmt":"2016-02-05T15:02:05","slug":"strombergshyttan","status":"publish","type":"page","link":"http:\/\/kulturochkuriosa.se\/butik2\/glas\/strombergshyttan\/","title":{"rendered":"Str\u00f6mbergshyttan"},"content":{"rendered":"<p>Bruket grundades 1876 som Lindefors Glasbruk, det k\u00f6ptes 1925 av bl.a. Knut Bergqvist fr\u00e5n Orrefors, 1933 arrenderades det av Edward Str\u00f6mberg som kom fr\u00e5n nedlagda Eda Glasbruk. Han d\u00f6pte om det till Str\u00f6mbergshyttan och sonen Eric k\u00f6pte senare bruket. Bruket \u00f6vertogs av Orrefors 1976 och lades ner 1979.<br \/>\nBland formgivarna m\u00e4rks Gerda och Asta Str\u00f6mberg, Gunnar Nylund och Rune Strand.<\/p>\n<table style=\"height: auto; background-color: #b4b4b4; width: 100%;\" border=\"4\">\n<tbody>\n<tr>\n<td><\/td>\n<\/tr>\n<tr>\n<td align=\"center\" width=\"10%\"><\/td>\n<td align=\"center\" width=\"40%\"><a href=\"Servisglas\"><img loading=\"lazy\" class=\"aligncenter size-medium wp-image-829\" src=\"http:\/\/kulturochkuriosa.se\/butik2\/wp-content\/uploads\/2015\/02\/4-glas-S9-300x225.jpg\" alt=\"4 glas S9\" width=\"100%\" height=\"auto\" srcset=\"http:\/\/kulturochkuriosa.se\/butik2\/wp-content\/uploads\/2015\/02\/4-glas-S9-300x225.jpg 300w, http:\/\/kulturochkuriosa.se\/butik2\/wp-content\/uploads\/2015\/02\/4-glas-S9-768x576.jpg 768w, http:\/\/kulturochkuriosa.se\/butik2\/wp-content\/uploads\/2015\/02\/4-glas-S9-1024x768.jpg 1024w, http:\/\/kulturochkuriosa.se\/butik2\/wp-content\/uploads\/2015\/02\/4-glas-S9.jpg 1134w\" sizes=\"(max-width: 300px) 100vw, 300px\" \/><\/a>Servisglas<\/td>\n<td align=\"center\" width=\"40%\"><a href=\"Konstglas\"><img loading=\"lazy\" class=\"aligncenter size-medium wp-image-482\" src=\"http:\/\/kulturochkuriosa.se\/butik2\/wp-content\/uploads\/2015\/02\/sk\u00e5l-T429-300x225.jpg\" alt=\"sk\u00e5l T429\" width=\"100%\" height=\"auto\" srcset=\"http:\/\/kulturochkuriosa.se\/butik2\/wp-content\/uploads\/2015\/02\/sk\u00e5l-T429-300x225.jpg 300w, http:\/\/kulturochkuriosa.se\/butik2\/wp-content\/uploads\/2015\/02\/sk\u00e5l-T429-1024x768.jpg 1024w, http:\/\/kulturochkuriosa.se\/butik2\/wp-content\/uploads\/2015\/02\/sk\u00e5l-T429.jpg 1134w\" sizes=\"(max-width: 300px) 100vw, 300px\" \/><\/a> Konstglas<\/td>\n<td align=\"center\" width=\"10%\"><\/td>\n<\/tr>\n<\/tbody>\n<\/table>\n","protected":false},"excerpt":{"rendered":"<p>Bruket grundades 1876 som Lindefors Glasbruk, det k\u00f6ptes 1925 av bl.a. Knut Bergqvist fr\u00e5n Orrefors, 1933 arrenderades det av Edward Str\u00f6mberg som kom fr\u00e5n nedlagda Eda Glasbruk. Han d\u00f6pte om det till Str\u00f6mbergshyttan och sonen Eric k\u00f6pte senare bruket. Bruket \u00f6vertogs av Orrefors 1976 och lades ner 1979. Bland formgivarna m\u00e4rks Gerda och Asta Str\u00f6mberg, <a href='http:\/\/kulturochkuriosa.se\/butik2\/glas\/strombergshyttan\/' class='excerpt-more'>[&#8230;]<\/a><\/p>\n","protected":false},"author":2,"featured_media":0,"parent":5,"menu_order":700,"comment_status":"closed","ping_status":"closed","template":"","meta":[],"_links":{"self":[{"href":"http:\/\/kulturochkuriosa.se\/butik2\/wp-json\/wp\/v2\/pages\/477"}],"collection":[{"href":"http:\/\/kulturochkuriosa.se\/butik2\/wp-json\/wp\/v2\/pages"}],"about":[{"href":"http:\/\/kulturochkuriosa.se\/butik2\/wp-json\/wp\/v2\/types\/page"}],"author":[{"embeddable":true,"href":"http:\/\/kulturochkuriosa.se\/butik2\/wp-json\/wp\/v2\/users\/2"}],"replies":[{"embeddable":true,"href":"http:\/\/kulturochkuriosa.se\/butik2\/wp-json\/wp\/v2\/comments?post=477"}],"version-history":[{"count":7,"href":"http:\/\/kulturochkuriosa.se\/butik2\/wp-json\/wp\/v2\/pages\/477\/revisions"}],"predecessor-version":[{"id":846,"href":"http:\/\/kulturochkuriosa.se\/butik2\/wp-json\/wp\/v2\/pages\/477\/revisions\/846"}],"up":[{"embeddable":true,"href":"http:\/\/kulturochkuriosa.se\/butik2\/wp-json\/wp\/v2\/pages\/5"}],"wp:attachment":[{"href":"http:\/\/kulturochkuriosa.se\/butik2\/wp-json\/wp\/v2\/media?parent=477"}],"curies":[{"name":"wp","href":"https:\/\/api.w.org\/{rel}","templated":true}]}}